CRAN Package Check Results for Package radsafer

Last updated on 2022-11-29 09:52:23 CET.

Flavor Version Tinstall Tcheck Ttotal Status Flags
r-devel-linux-x86_64-debian-clang 2.2.6 4.99 58.21 63.20 OK
r-devel-linux-x86_64-debian-gcc 2.2.6 2.96 43.71 46.67 OK
r-devel-linux-x86_64-fedora-clang 2.2.6 87.27 NOTE
r-devel-linux-x86_64-fedora-gcc 2.2.6 83.79 NOTE
r-devel-windows-x86_64 2.2.6 25.00 98.00 123.00 OK
r-patched-linux-x86_64 2.2.6 4.75 53.96 58.71 OK
r-release-linux-x86_64 2.2.6 3.48 53.79 57.27 OK
r-release-macos-arm64 2.2.6 25.00 NOTE
r-release-macos-x86_64 2.2.6 57.00 NOTE
r-release-windows-x86_64 2.2.6 23.00 95.00 118.00 OK
r-oldrel-macos-arm64 2.2.6 25.00 NOTE
r-oldrel-macos-x86_64 2.2.6 34.00 NOTE
r-oldrel-windows-ix86+x86_64 2.2.6 11.00 84.00 95.00 OK

Check Details

Version: 2.2.6
Check: dependencies in R code
Result: NOTE
    Namespaces in Imports field not imported from:
     ‘qpdf’ ‘utf8’
     All declared Imports should be used.
Flavors: r-devel-linux-x86_64-fedora-clang, r-devel-linux-x86_64-fedora-gcc, r-release-macos-arm64, r-release-macos-x86_64, r-oldrel-macos-arm64, r-oldrel-macos-x86_64