CRAN Package Check Results for Package radlibs

Last updated on 2022-06-26 11:52:41 CEST.

Flavor Version Tinstall Tcheck Ttotal Status Flags
r-devel-linux-x86_64-debian-clang 0.2.0 3.45 44.24 47.69 OK
r-devel-linux-x86_64-debian-gcc 0.2.0 2.66 31.16 33.82 OK
r-devel-linux-x86_64-fedora-clang 0.2.0 65.28 NOTE
r-devel-linux-x86_64-fedora-gcc 0.2.0 61.06 NOTE
r-devel-windows-x86_64 0.2.0 16.00 72.00 88.00 OK
r-patched-linux-x86_64 0.2.0 3.08 38.10 41.18 OK
r-release-linux-x86_64 0.2.0 2.39 39.45 41.84 OK
r-release-macos-arm64 0.2.0 20.00 NOTE
r-release-macos-x86_64 0.2.0 35.00 NOTE
r-release-windows-x86_64 0.2.0 9.00 72.00 81.00 OK
r-oldrel-macos-arm64 0.2.0 29.00 NOTE
r-oldrel-macos-x86_64 0.2.0 36.00 NOTE
r-oldrel-windows-ix86+x86_64 0.2.0 9.00 59.00 68.00 OK

Check Details

Version: 0.2.0
Check: data for non-ASCII characters
Result: NOTE
     Note: found 3 marked UTF-8 strings
Flavors: r-devel-linux-x86_64-fedora-clang, r-devel-linux-x86_64-fedora-gcc, r-release-macos-arm64, r-release-macos-x86_64, r-oldrel-macos-arm64, r-oldrel-macos-x86_64