Last updated on 2024-04-23 10:54:13 CEST.
Flavor | Version | Tinstall | Tcheck | Ttotal | Status | Flags |
---|---|---|---|---|---|---|
r-devel-linux-x86_64-debian-clang | 1.6.3 | 31.80 | 238.96 | 270.76 | OK | |
r-devel-linux-x86_64-debian-gcc | 1.6.3 | 23.90 | 176.89 | 200.79 | OK | |
r-devel-linux-x86_64-fedora-clang | 1.6.3 | 346.96 | NOTE | |||
r-devel-linux-x86_64-fedora-gcc | 1.6.3 | 331.51 | OK | |||
r-prerel-macos-arm64 | 1.6.3 | 85.00 | OK | |||
r-prerel-windows-x86_64 | 1.6.3 | 30.00 | 200.00 | 230.00 | OK | |
r-patched-linux-x86_64 | 1.6.3 | 37.44 | 230.12 | 267.56 | OK | |
r-release-linux-x86_64 | 1.6.3 | 28.30 | 229.06 | 257.36 | OK | |
r-release-macos-arm64 | 1.6.3 | 56.00 | OK | |||
r-release-macos-x86_64 | 1.6.3 | 90.00 | OK | |||
r-release-windows-x86_64 | 1.6.3 | 36.00 | 258.00 | 294.00 | OK | |
r-oldrel-macos-arm64 | 1.6.3 | 82.00 | OK | |||
r-oldrel-windows-x86_64 | 1.6.3 | 37.00 | 256.00 | 293.00 | OK |
Version: 1.6.3
Check: package dependencies
Result: NOTE
Imports includes 30 non-default packages.
Importing from so many packages makes the package vulnerable to any of
them becoming unavailable. Move as many as possible to Suggests and
use conditionally.
Flavor: r-devel-linux-x86_64-fedora-clang