Last updated on 2024-08-16 12:49:17 CEST.
Flavor | Version | Tinstall | Tcheck | Ttotal | Status | Flags |
---|---|---|---|---|---|---|
r-devel-linux-x86_64-debian-clang | 1.6.6 | 14.43 | 142.39 | 156.82 | OK | |
r-devel-linux-x86_64-debian-gcc | 1.6.6 | 12.43 | 104.73 | 117.16 | OK | |
r-devel-linux-x86_64-fedora-clang | 1.6.6 | 256.58 | NOTE | |||
r-devel-linux-x86_64-fedora-gcc | 1.6.6 | 264.08 | OK | |||
r-devel-windows-x86_64 | 1.6.6 | 16.00 | 139.00 | 155.00 | OK | |
r-patched-linux-x86_64 | 1.6.6 | 11.36 | 136.76 | 148.12 | OK | |
r-release-linux-x86_64 | 1.6.6 | 12.87 | 136.45 | 149.32 | OK | |
r-release-macos-arm64 | 1.6.6 | 52.00 | OK | |||
r-release-macos-x86_64 | 1.6.6 | 110.00 | OK | |||
r-release-windows-x86_64 | 1.6.6 | 16.00 | 141.00 | 157.00 | OK | |
r-oldrel-macos-arm64 | 1.6.6 | 61.00 | OK | |||
r-oldrel-macos-x86_64 | 1.6.6 | 95.00 | OK | |||
r-oldrel-windows-x86_64 | 1.6.6 | 16.00 | 179.00 | 195.00 | OK |
Version: 1.6.6
Check: installed package size
Result: NOTE
installed size is 5.0Mb
sub-directories of 1Mb or more:
doc 4.9Mb
Flavor: r-devel-linux-x86_64-fedora-clang