Last updated on 2025-07-10 11:51:01 CEST.
Flavor | Version | Tinstall | Tcheck | Ttotal | Status | Flags |
---|---|---|---|---|---|---|
r-devel-linux-x86_64-debian-clang | 2.0.0 | 2.03 | 28.77 | 30.80 | OK | |
r-devel-linux-x86_64-debian-gcc | 2.0.0 | 1.62 | 23.65 | 25.27 | OK | |
r-devel-linux-x86_64-fedora-clang | 2.0.0 | 48.01 | OK | |||
r-devel-linux-x86_64-fedora-gcc | 2.0.0 | 58.99 | OK | |||
r-devel-windows-x86_64 | 2.0.0 | 4.00 | 48.00 | 52.00 | OK | |
r-patched-linux-x86_64 | 2.0.0 | 2.02 | 27.85 | 29.87 | OK | |
r-release-linux-x86_64 | 2.0.0 | 1.75 | 27.43 | 29.18 | OK | |
r-release-macos-arm64 | 2.0.0 | 22.00 | OK | |||
r-release-macos-x86_64 | 2.0.0 | 40.00 | OK | |||
r-release-windows-x86_64 | 2.0.0 | 4.00 | 49.00 | 53.00 | OK | |
r-oldrel-macos-arm64 | 2.0.0 | 23.00 | NOTE | |||
r-oldrel-macos-x86_64 | 2.0.0 | 37.00 | NOTE | |||
r-oldrel-windows-x86_64 | 2.0.0 | 3.00 | 53.00 | 56.00 | NOTE |
Version: 2.0.0
Check: LazyData
Result: NOTE
'LazyData' is specified without a 'data' directory
Flavors: r-oldrel-macos-arm64, r-oldrel-macos-x86_64, r-oldrel-windows-x86_64