CRAN Package Check Results for Package raceland

Last updated on 2022-06-28 12:52:33 CEST.

Flavor Version Tinstall Tcheck Ttotal Status Flags
r-devel-linux-x86_64-debian-clang 1.1.2 76.72 418.13 494.85 OK
r-devel-linux-x86_64-debian-gcc 1.1.2 65.37 367.85 433.22 OK
r-devel-linux-x86_64-fedora-clang 1.1.2 625.12 NOTE
r-devel-linux-x86_64-fedora-gcc 1.1.2 608.17 NOTE
r-devel-windows-x86_64 1.1.2 87.00 542.00 629.00 OK
r-patched-linux-x86_64 1.1.2 73.77 419.47 493.24 OK
r-release-linux-x86_64 1.1.2 66.62 415.31 481.93 OK
r-release-macos-arm64 1.1.2 211.00 NOTE
r-release-macos-x86_64 1.1.2 228.00 NOTE
r-release-windows-x86_64 1.1.2 84.00 554.00 638.00 OK
r-oldrel-macos-arm64 1.1.2 165.00 NOTE
r-oldrel-macos-x86_64 1.1.2 220.00 NOTE
r-oldrel-windows-ix86+x86_64 1.1.2 201.00 566.00 767.00 OK

Check Details

Version: 1.1.2
Check: dependencies in R code
Result: NOTE
    Namespaces in Imports field not imported from:
     ‘comat’ ‘rgdal’
     All declared Imports should be used.
Flavors: r-devel-linux-x86_64-fedora-clang, r-devel-linux-x86_64-fedora-gcc, r-release-macos-arm64, r-release-macos-x86_64, r-oldrel-macos-arm64, r-oldrel-macos-x86_64