Last updated on 2024-04-19 11:57:00 CEST.
Flavor | Version | Tinstall | Tcheck | Ttotal | Status | Flags |
---|---|---|---|---|---|---|
r-devel-linux-x86_64-debian-clang | 1.2.4 | 17.26 | 169.61 | 186.87 | NOTE | |
r-devel-linux-x86_64-debian-gcc | 1.2.4 | NOTE | ||||
r-devel-linux-x86_64-fedora-clang | 1.2.4 | 241.30 | NOTE | |||
r-devel-linux-x86_64-fedora-gcc | 1.2.4 | 238.87 | NOTE | |||
r-prerel-macos-arm64 | 1.2.4 | 76.00 | NOTE | |||
r-prerel-windows-x86_64 | 1.2.4 | 21.00 | 134.00 | 155.00 | NOTE | |
r-patched-linux-x86_64 | 1.2.4 | 25.11 | 159.48 | 184.59 | NOTE | |
r-release-linux-x86_64 | 1.2.4 | 16.29 | 161.05 | 177.34 | NOTE | |
r-release-macos-arm64 | 1.2.4 | 76.00 | NOTE | |||
r-release-macos-x86_64 | 1.2.4 | 127.00 | NOTE | |||
r-release-windows-x86_64 | 1.2.4 | 29.00 | 166.00 | 195.00 | NOTE | |
r-oldrel-macos-arm64 | 1.2.4 | 61.00 | NOTE | |||
r-oldrel-windows-x86_64 | 1.2.4 | 29.00 | 165.00 | 194.00 | NOTE |
Version: 1.2.4
Check: package dependencies
Result: NOTE
Package suggested but not available for checking: ‘rWCVPdata’
Flavors: r-devel-linux-x86_64-debian-clang, r-devel-linux-x86_64-debian-gcc, r-devel-linux-x86_64-fedora-clang, r-devel-linux-x86_64-fedora-gcc, r-prerel-macos-arm64, r-prerel-windows-x86_64, r-patched-linux-x86_64, r-release-linux-x86_64, r-release-macos-arm64, r-release-macos-x86_64, r-release-windows-x86_64, r-oldrel-macos-arm64, r-oldrel-windows-x86_64
Version: 1.2.4
Check: Rd cross-references
Result: NOTE
Undeclared package ‘scales’ in Rd xrefs
Flavor: r-devel-linux-x86_64-fedora-clang
Version: 1.2.4
Check: data for non-ASCII characters
Result: NOTE
Note: found 16 marked UTF-8 strings
Flavors: r-devel-linux-x86_64-fedora-clang, r-devel-linux-x86_64-fedora-gcc
Version: 1.2.4
Check: installed package size
Result: NOTE
installed size is 5.9Mb
sub-directories of 1Mb or more:
data 3.2Mb
extdata 2.4Mb
Flavors: r-prerel-macos-arm64, r-release-macos-arm64, r-release-macos-x86_64, r-oldrel-macos-arm64