CRAN Package Check Results for Package rTCRBCRr

Last updated on 2023-09-25 12:01:51 CEST.

Flavor Version Tinstall Tcheck Ttotal Status Flags
r-devel-linux-x86_64-debian-clang 0.1.1 6.41 71.80 78.21 OK
r-devel-linux-x86_64-debian-gcc 0.1.1 6.05 52.11 58.16 OK
r-devel-linux-x86_64-fedora-clang 0.1.1 95.28 NOTE
r-devel-linux-x86_64-fedora-gcc 0.1.1 103.10 NOTE
r-devel-windows-x86_64 0.1.1 10.00 78.00 88.00 OK
r-patched-linux-x86_64 0.1.1 4.36 67.50 71.86 OK
r-release-linux-x86_64 0.1.1 4.29 67.88 72.17 OK
r-release-macos-arm64 0.1.1 38.00 OK
r-release-macos-x86_64 0.1.1 58.00 OK
r-release-windows-x86_64 0.1.1 13.00 88.00 101.00 OK
r-oldrel-macos-arm64 0.1.1 30.00 NOTE
r-oldrel-macos-x86_64 0.1.1 50.00 NOTE
r-oldrel-windows-x86_64 0.1.1 13.00 98.00 111.00 OK

Check Details

Version: 0.1.1
Check: dependencies in R code
Result: NOTE
    Namespace in Imports field not imported from: ‘readr’
     All declared Imports should be used.
Flavors: r-devel-linux-x86_64-fedora-clang, r-devel-linux-x86_64-fedora-gcc, r-oldrel-macos-arm64, r-oldrel-macos-x86_64