Last updated on 2024-04-23 10:54:16 CEST.
Flavor | Version | Tinstall | Tcheck | Ttotal | Status | Flags |
---|---|---|---|---|---|---|
r-devel-linux-x86_64-debian-clang | 0.1.1 | 5.26 | 73.14 | 78.40 | OK | |
r-devel-linux-x86_64-debian-gcc | 0.1.1 | 4.91 | 52.37 | 57.28 | OK | |
r-devel-linux-x86_64-fedora-clang | 0.1.1 | 100.43 | NOTE | |||
r-devel-linux-x86_64-fedora-gcc | 0.1.1 | 107.84 | NOTE | |||
r-prerel-macos-arm64 | 0.1.1 | 42.00 | OK | |||
r-prerel-windows-x86_64 | 0.1.1 | 11.00 | 78.00 | 89.00 | OK | |
r-patched-linux-x86_64 | 0.1.1 | 5.45 | 68.42 | 73.87 | OK | |
r-release-linux-x86_64 | 0.1.1 | 4.13 | 65.32 | 69.45 | OK | |
r-release-macos-arm64 | 0.1.1 | 38.00 | OK | |||
r-release-macos-x86_64 | 0.1.1 | 58.00 | OK | |||
r-release-windows-x86_64 | 0.1.1 | 13.00 | 89.00 | 102.00 | OK | |
r-oldrel-macos-arm64 | 0.1.1 | 30.00 | NOTE | |||
r-oldrel-windows-x86_64 | 0.1.1 | 13.00 | 97.00 | 110.00 | OK |
Version: 0.1.1
Check: dependencies in R code
Result: NOTE
Namespace in Imports field not imported from: ‘readr’
All declared Imports should be used.
Flavors: r-devel-linux-x86_64-fedora-clang, r-devel-linux-x86_64-fedora-gcc, r-oldrel-macos-arm64