CRAN Package Check Results for Package rSEA

Last updated on 2024-04-23 10:54:15 CEST.

Flavor Version Tinstall Tcheck Ttotal Status Flags
r-devel-linux-x86_64-debian-clang 2.1.1 6.31 61.06 67.37 NOTE
r-devel-linux-x86_64-debian-gcc 2.1.1 4.94 45.13 50.07 NOTE
r-devel-linux-x86_64-fedora-clang 2.1.1 86.08 NOTE
r-devel-linux-x86_64-fedora-gcc 2.1.1 92.86 NOTE
r-prerel-macos-arm64 2.1.1 31.00 NOTE
r-prerel-windows-x86_64 2.1.1 7.00 69.00 76.00 NOTE
r-patched-linux-x86_64 2.1.1 5.44 57.75 63.19 NOTE
r-release-linux-x86_64 2.1.1 4.47 54.65 59.12 NOTE
r-release-macos-arm64 2.1.1 36.00 NOTE
r-release-macos-x86_64 2.1.1 51.00 NOTE
r-release-windows-x86_64 2.1.1 8.00 75.00 83.00 NOTE
r-oldrel-macos-arm64 2.1.1 29.00 NOTE
r-oldrel-windows-x86_64 2.1.1 8.00 80.00 88.00 NOTE

Check Details

Version: 2.1.1
Check: LazyData
Result: NOTE 'LazyData' is specified without a 'data' directory Flavors: r-devel-linux-x86_64-debian-clang, r-devel-linux-x86_64-debian-gcc, r-devel-linux-x86_64-fedora-clang, r-devel-linux-x86_64-fedora-gcc, r-prerel-macos-arm64, r-prerel-windows-x86_64, r-patched-linux-x86_64, r-release-linux-x86_64, r-release-macos-arm64, r-release-macos-x86_64, r-release-windows-x86_64, r-oldrel-macos-arm64, r-oldrel-windows-x86_64