Last updated on 2025-04-29 12:52:48 CEST.
Flavor | Version | Tinstall | Tcheck | Ttotal | Status | Flags |
---|---|---|---|---|---|---|
r-devel-linux-x86_64-debian-clang | 2.22.12 | 4.71 | 67.11 | 71.82 | NOTE | |
r-devel-linux-x86_64-debian-gcc | 2.22.12 | 3.31 | 50.76 | 54.07 | NOTE | |
r-devel-linux-x86_64-fedora-clang | 2.22.12 | 120.18 | OK | |||
r-devel-linux-x86_64-fedora-gcc | 2.22.12 | 122.87 | OK | |||
r-devel-windows-x86_64 | 2.22.12 | 6.00 | 171.00 | 177.00 | OK | |
r-patched-linux-x86_64 | 2.22.12 | 5.17 | 64.40 | 69.57 | OK | |
r-release-linux-x86_64 | 2.22.12 | 4.42 | 64.27 | 68.69 | OK | |
r-release-macos-arm64 | 2.22.12 | 52.00 | OK | |||
r-release-macos-x86_64 | 2.22.12 | 137.00 | OK | |||
r-release-windows-x86_64 | 2.22.12 | 6.00 | 177.00 | 183.00 | OK | |
r-oldrel-macos-arm64 | 2.22.12 | 45.00 | OK | |||
r-oldrel-macos-x86_64 | 2.22.12 | 117.00 | OK | |||
r-oldrel-windows-x86_64 | 2.22.12 | 5.00 | 168.00 | 173.00 | OK |
Version: 2.22.12
Check: CRAN incoming feasibility
Result: NOTE
Maintainer: ‘Chanseok Park <statpnu@gmail.com>’
Package CITATION file contains call(s) to old-style personList() or
as.personList(). Please use c() on person objects instead.
Package CITATION file contains call(s) to old-style citEntry(). Please
use bibentry() instead.
Flavors: r-devel-linux-x86_64-debian-clang, r-devel-linux-x86_64-debian-gcc
Version: 2.22.12
Check: examples
Result: NOTE
Examples with CPU (user + system) or elapsed time > 5s
user system elapsed
factors.cc 5.530 0.005 6.026
rcc 4.446 0.004 5.151
Flavor: r-devel-linux-x86_64-debian-clang