Last updated on 2024-04-26 12:54:49 CEST.
Flavor | Version | Tinstall | Tcheck | Ttotal | Status | Flags |
---|---|---|---|---|---|---|
r-devel-linux-x86_64-debian-clang | 0.99.6 | 5.29 | 133.64 | 138.93 | NOTE | |
r-devel-linux-x86_64-debian-gcc | 0.99.6 | 4.99 | 94.34 | 99.33 | NOTE | |
r-devel-linux-x86_64-fedora-clang | 0.99.6 | 168.27 | NOTE | |||
r-devel-linux-x86_64-fedora-gcc | 0.99.6 | 177.46 | NOTE | |||
r-devel-windows-x86_64 | 0.99.6 | 6.00 | 116.00 | 122.00 | NOTE | |
r-patched-linux-x86_64 | 0.99.6 | 6.65 | 125.15 | 131.80 | NOTE | |
r-release-linux-x86_64 | 0.99.6 | 5.79 | 123.07 | 128.86 | NOTE | |
r-release-macos-arm64 | 0.99.6 | 57.00 | NOTE | |||
r-release-windows-x86_64 | 0.99.6 | 7.00 | 114.00 | 121.00 | NOTE | |
r-oldrel-macos-arm64 | 0.99.6 | 58.00 | NOTE | |||
r-oldrel-macos-x86_64 | 0.99.6 | 84.00 | NOTE | |||
r-oldrel-windows-x86_64 | 0.99.6 | 6.00 | 139.00 | 145.00 | NOTE |
Version: 0.99.6
Check: LazyData
Result: NOTE
'LazyData' is specified without a 'data' directory
Flavors: r-devel-linux-x86_64-debian-clang, r-devel-linux-x86_64-debian-gcc, r-devel-linux-x86_64-fedora-clang, r-devel-linux-x86_64-fedora-gcc, r-devel-windows-x86_64, r-patched-linux-x86_64, r-release-linux-x86_64, r-release-macos-arm64, r-release-windows-x86_64, r-oldrel-macos-arm64, r-oldrel-macos-x86_64, r-oldrel-windows-x86_64
Version: 0.99.6
Check: dependencies in R code
Result: NOTE
Namespace in Imports field not imported from: ‘data.table’
All declared Imports should be used.
Flavors: r-devel-linux-x86_64-fedora-clang, r-devel-linux-x86_64-fedora-gcc