Last updated on 2025-04-29 12:52:48 CEST.
Flavor | Version | Tinstall | Tcheck | Ttotal | Status | Flags |
---|---|---|---|---|---|---|
r-devel-linux-x86_64-debian-clang | 1.2.2 | 4.58 | 45.54 | 50.12 | NOTE | |
r-devel-linux-x86_64-debian-gcc | 1.2.2 | 3.24 | 36.20 | 39.44 | NOTE | |
r-devel-linux-x86_64-fedora-clang | 1.2.2 | 80.00 | OK | |||
r-devel-linux-x86_64-fedora-gcc | 1.2.2 | 75.17 | OK | |||
r-devel-windows-x86_64 | 1.2.2 | 5.00 | 78.00 | 83.00 | OK | |
r-patched-linux-x86_64 | 1.2.2 | 4.36 | 42.60 | 46.96 | OK | |
r-release-linux-x86_64 | 1.2.2 | 4.23 | 42.60 | 46.83 | OK | |
r-release-macos-arm64 | 1.2.2 | 29.00 | OK | |||
r-release-macos-x86_64 | 1.2.2 | 65.00 | OK | |||
r-release-windows-x86_64 | 1.2.2 | 6.00 | 82.00 | 88.00 | OK | |
r-oldrel-macos-arm64 | 1.2.2 | 26.00 | OK | |||
r-oldrel-macos-x86_64 | 1.2.2 | 63.00 | OK | |||
r-oldrel-windows-x86_64 | 1.2.2 | 6.00 | 77.00 | 83.00 | OK |
Version: 1.2.2
Check: CRAN incoming feasibility
Result: NOTE
Maintainer: ‘Johann R. Kleinbub <johann.kleinbub@gmail.com>’
No Authors@R field in DESCRIPTION.
Please add one, modifying
Authors@R: c(person(given = c("Johann", "R."),
family = "Kleinbub",
role = c("aut", "cre"),
email = "johann.kleinbub@gmail.com"),
person(given = "Fabian",
family = "Ramseyer",
role = "aut"))
as necessary.
Flavors: r-devel-linux-x86_64-debian-clang, r-devel-linux-x86_64-debian-gcc