Last updated on 2025-04-29 12:52:48 CEST.
Flavor | Version | Tinstall | Tcheck | Ttotal | Status | Flags |
---|---|---|---|---|---|---|
r-devel-linux-x86_64-debian-clang | 0.1.0 | 1.54 | 15.89 | 17.43 | NOTE | |
r-devel-linux-x86_64-debian-gcc | 0.1.0 | 1.36 | 13.02 | 14.38 | NOTE | |
r-devel-linux-x86_64-fedora-clang | 0.1.0 | 29.37 | OK | |||
r-devel-linux-x86_64-fedora-gcc | 0.1.0 | 26.37 | OK | |||
r-devel-windows-x86_64 | 0.1.0 | 2.00 | 34.00 | 36.00 | OK | |
r-patched-linux-x86_64 | 0.1.0 | 1.29 | 15.17 | 16.46 | OK | |
r-release-linux-x86_64 | 0.1.0 | 1.47 | 15.38 | 16.85 | OK | |
r-release-macos-arm64 | 0.1.0 | 15.00 | OK | |||
r-release-macos-x86_64 | 0.1.0 | 27.00 | OK | |||
r-release-windows-x86_64 | 0.1.0 | 3.00 | 38.00 | 41.00 | OK | |
r-oldrel-macos-arm64 | 0.1.0 | 12.00 | OK | |||
r-oldrel-macos-x86_64 | 0.1.0 | 22.00 | OK | |||
r-oldrel-windows-x86_64 | 0.1.0 | 2.00 | 34.00 | 36.00 | OK |
Version: 0.1.0
Check: CRAN incoming feasibility
Result: NOTE
Maintainer: ‘Mutua Kilai <kilaimutua@gmail.com>’
No Authors@R field in DESCRIPTION.
Please add one, modifying
Authors@R: person(given = "Mutua",
family = "Kilai",
role = c("aut", "cre"),
email = "kilaimutua@gmail.com")
as necessary.
Flavors: r-devel-linux-x86_64-debian-clang, r-devel-linux-x86_64-debian-gcc