CRAN Package Check Results for Package rIP

Last updated on 2022-06-24 11:52:17 CEST.

Flavor Version Tinstall Tcheck Ttotal Status Flags
r-devel-linux-x86_64-debian-clang 1.2.0 5.86 57.69 63.55 NOTE
r-devel-linux-x86_64-debian-gcc 1.2.0 4.35 42.23 46.58 NOTE
r-devel-linux-x86_64-fedora-clang 1.2.0 86.56 NOTE
r-devel-linux-x86_64-fedora-gcc 1.2.0 82.44 NOTE
r-devel-windows-x86_64 1.2.0 12.00 79.00 91.00 NOTE
r-patched-linux-x86_64 1.2.0 5.70 53.44 59.14 NOTE
r-release-linux-x86_64 1.2.0 4.77 53.44 58.21 NOTE
r-release-macos-arm64 1.2.0 21.00 NOTE
r-release-macos-x86_64 1.2.0 45.00 NOTE
r-release-windows-x86_64 1.2.0 12.00 94.00 106.00 NOTE
r-oldrel-macos-arm64 1.2.0 27.00 NOTE
r-oldrel-macos-x86_64 1.2.0 45.00 NOTE
r-oldrel-windows-ix86+x86_64 1.2.0 17.00 80.00 97.00 NOTE

Check Details

Version: 1.2.0
Check: LazyData
Result: NOTE
     'LazyData' is specified without a 'data' directory
Flavors: r-devel-linux-x86_64-debian-clang, r-devel-linux-x86_64-debian-gcc, r-devel-linux-x86_64-fedora-clang, r-devel-linux-x86_64-fedora-gcc, r-devel-windows-x86_64, r-patched-linux-x86_64, r-release-linux-x86_64, r-release-macos-arm64, r-release-macos-x86_64, r-release-windows-x86_64, r-oldrel-macos-arm64, r-oldrel-macos-x86_64, r-oldrel-windows-ix86+x86_64