Last updated on 2024-04-23 10:54:14 CEST.
Flavor | Version | Tinstall | Tcheck | Ttotal | Status | Flags |
---|---|---|---|---|---|---|
r-devel-linux-x86_64-debian-clang | 1.2-8 | 5.37 | 66.28 | 71.65 | OK | |
r-devel-linux-x86_64-debian-gcc | 1.2-8 | 4.73 | 47.84 | 52.57 | OK | |
r-devel-linux-x86_64-fedora-clang | 1.2-8 | 89.67 | NOTE | |||
r-devel-linux-x86_64-fedora-gcc | 1.2-8 | 84.47 | OK | |||
r-prerel-macos-arm64 | 1.2-8 | 31.00 | OK | |||
r-prerel-windows-x86_64 | 1.2-8 | 18.00 | 72.00 | 90.00 | OK | |
r-patched-linux-x86_64 | 1.2-8 | 5.34 | 63.40 | 68.74 | OK | |
r-release-linux-x86_64 | 1.2-8 | 5.86 | 62.16 | 68.02 | OK | |
r-release-macos-arm64 | 1.2-8 | 29.00 | OK | |||
r-release-macos-x86_64 | 1.2-8 | 69.00 | OK | |||
r-release-windows-x86_64 | 1.2-8 | 21.00 | 81.00 | 102.00 | OK | |
r-oldrel-macos-arm64 | 1.2-8 | 31.00 | OK | |||
r-oldrel-windows-x86_64 | 1.2-8 | 9.00 | 81.00 | 90.00 | OK |
Version: 1.2-8
Check: Rd cross-references
Result: NOTE
Undeclared package ‘Rglpk’ in Rd xrefs
Flavor: r-devel-linux-x86_64-fedora-clang