CRAN Package Check Results for Package rD3plot

Last updated on 2023-09-25 12:01:49 CEST.

Flavor Version Tinstall Tcheck Ttotal Status Flags
r-devel-linux-x86_64-debian-clang 1.0.68 4.01 38.40 42.41 OK
r-devel-linux-x86_64-debian-gcc 1.0.68 4.04 30.09 34.13 OK
r-devel-linux-x86_64-fedora-clang 1.0.68 53.18 OK
r-devel-linux-x86_64-fedora-gcc 1.0.68 52.09 OK
r-devel-windows-x86_64 1.0.68 6.00 53.00 59.00 OK
r-patched-linux-x86_64 1.0.68 5.71 37.48 43.19 OK
r-release-linux-x86_64 1.0.68 5.05 37.57 42.62 OK
r-release-macos-arm64 1.0.68 20.00 OK
r-release-macos-x86_64 1.0.68 28.00 NOTE
r-release-windows-x86_64 1.0.68 7.00 55.00 62.00 OK
r-oldrel-macos-arm64 1.0.68 19.00 OK
r-oldrel-macos-x86_64 1.0.68 29.00 OK
r-oldrel-windows-x86_64 1.0.68 7.00 58.00 65.00 OK

Check Details

Version: 1.0.68
Check: package dependencies
Result: NOTE
    Package suggested but not available for checking: ‘evolMap’
Flavor: r-release-macos-x86_64

Version: 1.0.68
Check: dependencies in R code
Result: NOTE
    Unavailable namespace imported from by a ':::' call: ‘evolMap’
     See the note in ?`:::` about the use of this operator.
Flavor: r-release-macos-x86_64