CRAN Package Check Results for Package rCMA

Last updated on 2022-10-02 13:50:50 CEST.

Flavor Version Tinstall Tcheck Ttotal Status Flags
r-devel-linux-x86_64-debian-clang 1.1.1 2.38 31.30 33.68 NOTE
r-devel-linux-x86_64-debian-gcc 1.1.1 1.68 23.99 25.67 NOTE
r-devel-linux-x86_64-fedora-clang 1.1.1 52.59 NOTE
r-devel-linux-x86_64-fedora-gcc 1.1.1 49.69 NOTE
r-devel-windows-x86_64 1.1.1 17.00 66.00 83.00 OK
r-patched-linux-x86_64 1.1.1 2.27 28.80 31.07 NOTE
r-release-linux-x86_64 1.1.1 2.42 28.64 31.06 NOTE
r-release-macos-arm64 1.1.1 17.00 OK
r-release-macos-x86_64 1.1.1 23.00 OK
r-release-windows-x86_64 1.1.1 22.00 56.00 78.00 OK
r-oldrel-macos-arm64 1.1.1 15.00 OK
r-oldrel-macos-x86_64 1.1.1 22.00 OK
r-oldrel-windows-ix86+x86_64 1.1.1 5.00 51.00 56.00 OK

Check Details

Version: 1.1.1
Check: for non-standard things in the check directory
Result: NOTE
    Found the following files/directories:
     'outcmaesdisp.dat'
Flavors: r-devel-linux-x86_64-debian-clang, r-devel-linux-x86_64-debian-gcc, r-devel-linux-x86_64-fedora-clang, r-devel-linux-x86_64-fedora-gcc, r-patched-linux-x86_64, r-release-linux-x86_64