CRAN Package Check Results for Package rBayesianOptimization

Last updated on 2025-11-15 11:50:54 CET.

Flavor Version Tinstall Tcheck Ttotal Status Flags
r-devel-linux-x86_64-debian-clang 1.2.1 2.45 25.92 28.37 NOTE
r-devel-linux-x86_64-debian-gcc 1.2.2 1.78 20.90 22.68 OK
r-devel-linux-x86_64-fedora-clang 1.2.2 41.74 OK
r-devel-linux-x86_64-fedora-gcc 1.2.2 14.00 26.89 40.89 OK
r-devel-windows-x86_64 1.2.1 4.00 43.00 47.00 NOTE
r-patched-linux-x86_64 1.2.1 2.34 23.37 25.71 NOTE
r-release-linux-x86_64 1.2.1 2.38 23.12 25.50 NOTE
r-release-macos-arm64 1.2.1 2.00 17.00 19.00 OK
r-release-macos-x86_64 1.2.2 4.00 33.00 37.00 OK
r-release-windows-x86_64 1.2.1 4.00 52.00 56.00 NOTE
r-oldrel-macos-arm64 1.2.1 1.00 16.00 17.00 OK
r-oldrel-macos-x86_64 1.2.2 3.00 30.00 33.00 OK
r-oldrel-windows-x86_64 1.2.1 5.00 49.00 54.00 OK

Check Details

Version: 1.2.1
Check: Rd cross-references
Result: NOTE Found the following Rd file(s) with Rd \link{} targets missing package anchors: BayesianOptimization.Rd: GP_fit Please provide package anchors for all Rd \link{} targets not in the package itself and the base packages. Flavors: r-devel-linux-x86_64-debian-clang, r-devel-windows-x86_64, r-patched-linux-x86_64, r-release-linux-x86_64, r-release-windows-x86_64