Last updated on 2025-05-06 12:49:47 CEST.
Flavor | Version | Tinstall | Tcheck | Ttotal | Status | Flags |
---|---|---|---|---|---|---|
r-devel-linux-x86_64-debian-clang | 1.0.0 | 19.10 | 35.19 | 54.29 | OK | |
r-devel-linux-x86_64-debian-gcc | 1.0.0 | 4.63 | 28.21 | 32.84 | OK | |
r-devel-linux-x86_64-fedora-clang | 1.0.0 | 85.31 | OK | |||
r-devel-linux-x86_64-fedora-gcc | 1.0.0 | 77.09 | WARN | |||
r-devel-windows-x86_64 | 1.0.0 | 10.00 | 67.00 | 77.00 | OK | |
r-patched-linux-x86_64 | 1.0.0 | 6.64 | 33.96 | 40.60 | OK | |
r-release-linux-x86_64 | 1.0.0 | 6.04 | 34.37 | 40.41 | OK | |
r-release-macos-arm64 | 1.0.0 | 32.00 | OK | |||
r-release-macos-x86_64 | 1.0.0 | 62.00 | OK | |||
r-release-windows-x86_64 | 1.0.0 | 10.00 | 68.00 | 78.00 | OK | |
r-oldrel-macos-arm64 | 1.0.0 | 29.00 | OK | |||
r-oldrel-macos-x86_64 | 1.0.0 | 49.00 | OK | |||
r-oldrel-windows-x86_64 | 1.0.0 | 11.00 | 74.00 | 85.00 | OK |
Version: 1.0.0
Check: whether package can be installed
Result: WARN
Found the following significant warnings:
Warning: Symbol 'i' at (1) is declared in a BLOCK DATA program unit but is not in a COMMON block [-Wunused-variable]
Warning: Symbol 'j' at (1) is declared in a BLOCK DATA program unit but is not in a COMMON block [-Wunused-variable]
See ‘/data/gannet/ripley/R/packages/tests-devel/rBDAT.Rcheck/00install.out’ for details.
* used C compiler: ‘gcc-15 (GCC) 15.1.0’
* used Fortran compiler: ‘GNU Fortran (GCC) 15.1.0’
Flavor: r-devel-linux-x86_64-fedora-gcc