Last updated on 2025-04-29 12:52:46 CEST.
Flavor | Version | Tinstall | Tcheck | Ttotal | Status | Flags |
---|---|---|---|---|---|---|
r-devel-linux-x86_64-debian-clang | 0.5-8 | 8.73 | 36.52 | 45.25 | NOTE | |
r-devel-linux-x86_64-debian-gcc | 0.5-8 | 6.37 | 27.97 | 34.34 | NOTE | |
r-devel-linux-x86_64-fedora-clang | 0.5-8 | 72.72 | OK | |||
r-devel-linux-x86_64-fedora-gcc | 0.5-8 | 69.03 | OK | |||
r-devel-windows-x86_64 | 0.5-8 | 9.00 | 59.00 | 68.00 | OK | |
r-patched-linux-x86_64 | 0.5-8 | 8.13 | 35.24 | 43.37 | OK | |
r-release-linux-x86_64 | 0.5-8 | 8.07 | 35.30 | 43.37 | OK | |
r-release-macos-arm64 | 0.5-8 | 36.00 | OK | |||
r-release-macos-x86_64 | 0.5-8 | 48.00 | OK | |||
r-release-windows-x86_64 | 0.5-8 | 10.00 | 73.00 | 83.00 | OK | |
r-oldrel-macos-arm64 | 0.5-8 | 31.00 | OK | |||
r-oldrel-macos-x86_64 | 0.5-8 | 57.00 | OK | |||
r-oldrel-windows-x86_64 | 0.5-8 | 11.00 | 56.00 | 67.00 | OK |
Version: 0.5-8
Check: CRAN incoming feasibility
Result: NOTE
Maintainer: ‘Davide Massidda <davide.massidda@gmail.com>’
No Authors@R field in DESCRIPTION.
Please add one, modifying
Authors@R: c(person(given = "Giulio",
family = "Vidotto",
role = "aut",
email = "giulio.vidotto@unipd.it"),
person(given = "Stefano",
family = "Noventa",
role = "aut",
email = "stefano.noventa@uni-tuebingen.de"),
person(given = "Davide",
family = "Massidda",
role = c("aut", "cre"),
email = "davide.massidda@gmail.com"),
person(given = "Marco",
family = "Vicentini",
role = "aut",
email = "marco.vicentini@gmail.com"))
as necessary.
Flavors: r-devel-linux-x86_64-debian-clang, r-devel-linux-x86_64-debian-gcc