Last updated on 2023-01-27 11:49:36 CET.
Flavor | Version | Tinstall | Tcheck | Ttotal | Status | Flags |
---|---|---|---|---|---|---|
r-devel-linux-x86_64-debian-clang | 0.1.0 | 5.49 | 59.23 | 64.72 | NOTE | |
r-devel-linux-x86_64-debian-gcc | 0.1.0 | 5.50 | 44.24 | 49.74 | NOTE | |
r-devel-linux-x86_64-fedora-clang | 0.1.0 | 78.47 | NOTE | |||
r-devel-linux-x86_64-fedora-gcc | 0.1.0 | 77.19 | NOTE | |||
r-patched-linux-x86_64 | 0.1.0 | 5.52 | 58.58 | 64.10 | NOTE | |
r-release-linux-x86_64 | 0.1.0 | 4.65 | 57.92 | 62.57 | NOTE | |
r-release-macos-arm64 | 0.1.0 | 25.00 | NOTE | |||
r-release-macos-x86_64 | 0.1.0 | 50.00 | NOTE | |||
r-release-windows-x86_64 | 0.1.0 | 21.00 | 85.00 | 106.00 | NOTE | |
r-oldrel-macos-arm64 | 0.1.0 | 27.00 | NOTE | |||
r-oldrel-macos-x86_64 | 0.1.0 | 39.00 | NOTE | |||
r-oldrel-windows-ix86+x86_64 | 0.1.0 | 18.00 | 89.00 | 107.00 | NOTE |
Version: 0.1.0
Check: LazyData
Result: NOTE
'LazyData' is specified without a 'data' directory
Flavors: r-devel-linux-x86_64-debian-clang, r-devel-linux-x86_64-debian-gcc, r-devel-linux-x86_64-fedora-clang, r-devel-linux-x86_64-fedora-gcc, r-patched-linux-x86_64, r-release-linux-x86_64, r-release-macos-arm64, r-release-macos-x86_64, r-release-windows-x86_64, r-oldrel-macos-arm64, r-oldrel-macos-x86_64, r-oldrel-windows-ix86+x86_64