CRAN Package Check Results for Package r6methods

Last updated on 2023-09-26 13:08:40 CEST.

Flavor Version Tinstall Tcheck Ttotal Status Flags
r-devel-linux-x86_64-debian-clang 0.1.0 5.19 55.80 60.99 NOTE
r-devel-linux-x86_64-debian-gcc 0.1.0 5.39 41.35 46.74 NOTE
r-devel-linux-x86_64-fedora-clang 0.1.0 76.32 NOTE
r-devel-linux-x86_64-fedora-gcc 0.1.0 71.96 NOTE
r-devel-windows-x86_64 0.1.0 6.00 62.00 68.00 NOTE
r-patched-linux-x86_64 0.1.0 5.39 53.41 58.80 NOTE
r-release-linux-x86_64 0.1.0 4.04 52.74 56.78 NOTE
r-release-macos-arm64 0.1.0 27.00 NOTE
r-release-macos-x86_64 0.1.0 41.00 NOTE
r-release-windows-x86_64 0.1.0 9.00 68.00 77.00 NOTE
r-oldrel-macos-arm64 0.1.0 25.00 NOTE
r-oldrel-macos-x86_64 0.1.0 50.00 NOTE
r-oldrel-windows-x86_64 0.1.0 9.00 72.00 81.00 NOTE

Check Details

Version: 0.1.0
Check: LazyData
Result: NOTE
     'LazyData' is specified without a 'data' directory
Flavors: r-devel-linux-x86_64-debian-clang, r-devel-linux-x86_64-debian-gcc, r-devel-linux-x86_64-fedora-clang, r-devel-linux-x86_64-fedora-gcc, r-devel-windows-x86_64, r-patched-linux-x86_64, r-release-linux-x86_64, r-release-macos-arm64, r-release-macos-x86_64, r-release-windows-x86_64, r-oldrel-macos-arm64, r-oldrel-macos-x86_64, r-oldrel-windows-x86_64