Last updated on 2024-04-18 12:52:56 CEST.
Flavor | Version | Tinstall | Tcheck | Ttotal | Status | Flags |
---|---|---|---|---|---|---|
r-devel-linux-x86_64-debian-clang | 0.0.2 | 3.68 | 182.70 | 186.38 | OK | |
r-devel-linux-x86_64-debian-gcc | 0.0.2 | 3.85 | 127.54 | 131.39 | OK | |
r-devel-linux-x86_64-fedora-clang | 0.0.2 | 216.32 | NOTE | |||
r-devel-linux-x86_64-fedora-gcc | 0.0.2 | 219.56 | OK | |||
r-prerel-macos-arm64 | 0.0.2 | 67.00 | NOTE | |||
r-prerel-windows-x86_64 | 0.0.2 | 7.00 | 134.00 | 141.00 | NOTE | |
r-patched-linux-x86_64 | 0.0.2 | 5.05 | 166.52 | 171.57 | OK | |
r-release-linux-x86_64 | 0.0.2 | 5.64 | 165.17 | 170.81 | OK | |
r-release-macos-arm64 | 0.0.2 | 72.00 | NOTE | |||
r-release-macos-x86_64 | 0.0.2 | 115.00 | NOTE | |||
r-release-windows-x86_64 | 0.0.2 | 8.00 | 175.00 | 183.00 | NOTE | |
r-oldrel-macos-arm64 | 0.0.2 | 54.00 | NOTE | |||
r-oldrel-windows-x86_64 | 0.0.2 | 8.00 | 172.00 | 180.00 | NOTE |
Version: 0.0.2
Check: installed package size
Result: NOTE
installed size is 7.3Mb
sub-directories of 1Mb or more:
doc 5.3Mb
htmlwidgets 1.8Mb
Flavors: r-devel-linux-x86_64-fedora-clang, r-prerel-macos-arm64, r-prerel-windows-x86_64, r-release-macos-arm64, r-release-macos-x86_64, r-release-windows-x86_64, r-oldrel-macos-arm64, r-oldrel-windows-x86_64