Last updated on 2024-03-29 09:55:33 CET.
Flavor | Version | Tinstall | Tcheck | Ttotal | Status | Flags |
---|---|---|---|---|---|---|
r-devel-linux-x86_64-debian-clang | 0.1.2 | 6.94 | 77.46 | 84.40 | OK | |
r-devel-linux-x86_64-debian-gcc | 0.1.2 | 4.77 | 60.55 | 65.32 | OK | |
r-devel-linux-x86_64-fedora-clang | 0.1.2 | 110.62 | NOTE | |||
r-devel-linux-x86_64-fedora-gcc | 0.1.2 | 113.08 | OK | |||
r-devel-windows-x86_64 | 0.1.2 | 10.00 | 112.00 | 122.00 | NOTE | |
r-patched-linux-x86_64 | 0.1.2 | 7.22 | 76.43 | 83.65 | OK | |
r-release-linux-x86_64 | 0.1.2 | 3.88 | 75.63 | 79.51 | OK | |
r-release-macos-arm64 | 0.1.2 | 56.00 | NOTE | |||
r-release-macos-x86_64 | 0.1.2 | 75.00 | NOTE | |||
r-release-windows-x86_64 | 0.1.2 | 11.00 | 120.00 | 131.00 | NOTE | |
r-oldrel-macos-arm64 | 0.1.2 | 41.00 | NOTE | |||
r-oldrel-windows-x86_64 | 0.1.2 | 13.00 | 108.00 | 121.00 | NOTE |
Version: 0.1.2
Check: installed package size
Result: NOTE
installed size is 11.6Mb
sub-directories of 1Mb or more:
doc 9.9Mb
Flavors: r-devel-linux-x86_64-fedora-clang, r-devel-windows-x86_64, r-release-macos-arm64, r-release-macos-x86_64, r-release-windows-x86_64, r-oldrel-macos-arm64, r-oldrel-windows-x86_64