Last updated on 2023-01-29 12:55:38 CET.
Flavor | Version | Tinstall | Tcheck | Ttotal | Status | Flags |
---|---|---|---|---|---|---|
r-devel-linux-x86_64-debian-clang | 0.1.2 | 5.48 | 75.90 | 81.38 | OK | |
r-devel-linux-x86_64-debian-gcc | 0.1.2 | 5.10 | 58.59 | 63.69 | OK | |
r-devel-linux-x86_64-fedora-clang | 0.1.2 | 100.85 | NOTE | |||
r-devel-linux-x86_64-fedora-gcc | 0.1.2 | 112.60 | OK | |||
r-devel-windows-x86_64 | 0.1.2 | 52.00 | 163.00 | 215.00 | NOTE | |
r-patched-linux-x86_64 | 0.1.2 | 5.41 | 71.27 | 76.68 | OK | |
r-release-linux-x86_64 | 0.1.2 | 4.43 | 69.79 | 74.22 | OK | |
r-release-macos-arm64 | 0.1.2 | 41.00 | NOTE | |||
r-release-macos-x86_64 | 0.1.2 | 58.00 | NOTE | |||
r-release-windows-x86_64 | 0.1.2 | 31.00 | 132.00 | 163.00 | NOTE | |
r-oldrel-macos-arm64 | 0.1.2 | 120.00 | NOTE | |||
r-oldrel-macos-x86_64 | 0.1.2 | 64.00 | NOTE | |||
r-oldrel-windows-ix86+x86_64 | 0.1.2 | 15.00 | 114.00 | 129.00 | NOTE |
Version: 0.1.2
Check: installed package size
Result: NOTE
installed size is 11.6Mb
sub-directories of 1Mb or more:
doc 9.9Mb
Flavors: r-devel-linux-x86_64-fedora-clang, r-devel-windows-x86_64, r-release-macos-arm64, r-release-macos-x86_64, r-release-windows-x86_64, r-oldrel-macos-arm64, r-oldrel-macos-x86_64, r-oldrel-windows-ix86+x86_64