CRAN Package Check Results for Package r2shortcode

Last updated on 2022-06-27 11:50:52 CEST.

Flavor Version Tinstall Tcheck Ttotal Status Flags
r-devel-linux-x86_64-debian-clang 0.1 2.32 24.88 27.20 NOTE
r-devel-linux-x86_64-debian-gcc 0.1 1.66 19.70 21.36 NOTE
r-devel-linux-x86_64-fedora-clang 0.1 44.02 NOTE
r-devel-linux-x86_64-fedora-gcc 0.1 43.39 NOTE
r-devel-windows-x86_64 0.1 25.00 55.00 80.00 NOTE
r-patched-linux-x86_64 0.1 2.08 24.25 26.33 NOTE
r-release-linux-x86_64 0.1 2.41 24.13 26.54 NOTE
r-release-macos-arm64 0.1 18.00 NOTE
r-release-macos-x86_64 0.1 23.00 NOTE
r-release-windows-x86_64 0.1 25.00 53.00 78.00 NOTE
r-oldrel-macos-arm64 0.1 24.00 NOTE
r-oldrel-macos-x86_64 0.1 25.00 NOTE
r-oldrel-windows-ix86+x86_64 0.1 6.00 46.00 52.00 NOTE

Check Details

Version: 0.1
Check: LazyData
Result: NOTE
     'LazyData' is specified without a 'data' directory
Flavors: r-devel-linux-x86_64-debian-clang, r-devel-linux-x86_64-debian-gcc, r-devel-linux-x86_64-fedora-clang, r-devel-linux-x86_64-fedora-gcc, r-devel-windows-x86_64, r-patched-linux-x86_64, r-release-linux-x86_64, r-release-macos-arm64, r-release-macos-x86_64, r-release-windows-x86_64, r-oldrel-macos-arm64, r-oldrel-macos-x86_64, r-oldrel-windows-ix86+x86_64

Version: 0.1
Check: dependencies in R code
Result: NOTE
    Namespace in Imports field not imported from: ‘magrittr’
     All declared Imports should be used.
Flavors: r-devel-linux-x86_64-fedora-clang, r-devel-linux-x86_64-fedora-gcc, r-release-macos-arm64, r-release-macos-x86_64, r-oldrel-macos-arm64, r-oldrel-macos-x86_64