Last updated on 2024-04-23 10:54:13 CEST.
Flavor | Version | Tinstall | Tcheck | Ttotal | Status | Flags |
---|---|---|---|---|---|---|
r-devel-linux-x86_64-debian-clang | 0.27.1 | 2.56 | 27.49 | 30.05 | OK | |
r-devel-linux-x86_64-debian-gcc | 0.27.1 | 2.18 | 21.33 | 23.51 | OK | |
r-devel-linux-x86_64-fedora-clang | 0.27.1 | 38.01 | NOTE | |||
r-devel-linux-x86_64-fedora-gcc | 0.27.1 | 35.41 | OK | |||
r-prerel-macos-arm64 | 0.27.1 | 17.00 | NOTE | |||
r-prerel-windows-x86_64 | 0.27.1 | 3.00 | 45.00 | 48.00 | NOTE | |
r-patched-linux-x86_64 | 0.27.1 | 2.73 | 27.08 | 29.81 | OK | |
r-release-linux-x86_64 | 0.27.1 | 2.84 | 26.65 | 29.49 | OK | |
r-release-macos-arm64 | 0.27.1 | 17.00 | NOTE | |||
r-release-macos-x86_64 | 0.27.1 | 24.00 | NOTE | |||
r-release-windows-x86_64 | 0.27.1 | 5.00 | 46.00 | 51.00 | NOTE | |
r-oldrel-macos-arm64 | 0.27.1 | 16.00 | NOTE | |||
r-oldrel-windows-x86_64 | 0.27.1 | 5.00 | 47.00 | 52.00 | NOTE |
Version: 0.27.1
Check: installed package size
Result: NOTE
installed size is 5.1Mb
sub-directories of 1Mb or more:
java 5.0Mb
Flavors: r-devel-linux-x86_64-fedora-clang, r-prerel-macos-arm64, r-prerel-windows-x86_64, r-release-macos-arm64, r-release-macos-x86_64, r-release-windows-x86_64, r-oldrel-macos-arm64, r-oldrel-windows-x86_64
Version: 0.27.1
Check: package dependencies
Result: NOTE
Packages suggested but not available for checking: 'caret', 'xgboost'
Flavor: r-release-macos-x86_64