CRAN Package Check Results for Package r2d2

Last updated on 2022-07-01 11:52:08 CEST.

Flavor Version Tinstall Tcheck Ttotal Status Flags
r-devel-linux-x86_64-debian-clang 1.0.1 3.21 38.72 41.93 OK
r-devel-linux-x86_64-debian-gcc 1.0.1 2.38 29.91 32.29 OK
r-devel-linux-x86_64-fedora-clang 1.0.1 60.62 NOTE
r-devel-linux-x86_64-fedora-gcc 1.0.1 59.71 OK
r-devel-windows-x86_64 1.0.1 10.00 68.00 78.00 OK
r-patched-linux-x86_64 1.0.1 3.65 37.00 40.65 OK
r-release-linux-x86_64 1.0.1 3.32 36.73 40.05 OK
r-release-macos-arm64 1.0.1 41.00 OK
r-release-macos-x86_64 1.0.1 48.00 OK
r-release-windows-x86_64 1.0.1 14.00 71.00 85.00 OK
r-oldrel-macos-arm64 1.0.1 38.00 OK
r-oldrel-macos-x86_64 1.0.1 47.00 OK
r-oldrel-windows-ix86+x86_64 1.0.1 8.00 63.00 71.00 WARN

Check Details

Version: 1.0.1
Check: Rd cross-references
Result: NOTE
    Undeclared package ‘gplots’ in Rd xrefs
Flavor: r-devel-linux-x86_64-fedora-clang

Version: 1.0.1
Check: PDF version of manual
Result: WARN
    LaTeX errors when creating PDF version.
    This typically indicates Rd problems.
    LaTeX errors found:
    ! pdfTeX error (ext4): \pdfendlink ended up in different nesting level than \pd
    fstartlink.
    \AtBegShi@Output ...ipout \box \AtBeginShipoutBox
     \fi \fi
    l.1 \begin{theindex}
    ! ==> Fatal error occurred, no output PDF file produced!
Flavor: r-oldrel-windows-ix86+x86_64