CRAN Package Check Results for Package quiltr

Last updated on 2024-02-24 11:49:36 CET.

Flavor Version Tinstall Tcheck Ttotal Status Flags
r-devel-linux-x86_64-debian-clang 0.1.0 2.33 27.87 30.20 OK
r-devel-linux-x86_64-debian-gcc 0.1.0 1.73 21.37 23.10 OK
r-devel-linux-x86_64-fedora-clang 0.1.0 37.96 NOTE
r-devel-linux-x86_64-fedora-gcc 0.1.0 47.73 NOTE
r-devel-windows-x86_64 0.1.0 3.00 45.00 48.00 OK
r-patched-linux-x86_64 0.1.0 2.70 26.50 29.20 OK
r-release-linux-x86_64 0.1.0 2.76 26.93 29.69 OK
r-release-macos-arm64 0.1.0 24.00 OK
r-release-macos-x86_64 0.1.0 35.00 OK
r-release-windows-x86_64 0.1.0 5.00 46.00 51.00 OK
r-oldrel-macos-arm64 0.1.0 22.00 OK
r-oldrel-windows-x86_64 0.1.0 5.00 49.00 54.00 OK

Check Details

Version: 0.1.0
Check: data for non-ASCII characters
Result: NOTE Note: found 99 marked UTF-8 strings Flavors: r-devel-linux-x86_64-fedora-clang, r-devel-linux-x86_64-fedora-gcc