Last updated on 2022-07-02 12:53:11 CEST.
Flavor | Version | Tinstall | Tcheck | Ttotal | Status | Flags |
---|---|---|---|---|---|---|
r-devel-linux-x86_64-debian-clang | 0.0.1 | 11.83 | 104.72 | 116.55 | OK | |
r-devel-linux-x86_64-debian-gcc | 0.0.1 | 9.06 | 79.09 | 88.15 | OK | |
r-devel-linux-x86_64-fedora-clang | 0.0.1 | 147.17 | WARN | |||
r-devel-linux-x86_64-fedora-gcc | 0.0.1 | 148.88 | WARN | |||
r-devel-windows-x86_64 | 0.0.1 | 28.00 | 128.00 | 156.00 | OK | |
r-patched-linux-x86_64 | 0.0.1 | 8.33 | 100.25 | 108.58 | OK | |
r-release-linux-x86_64 | 0.0.1 | 8.49 | 98.82 | 107.31 | OK | |
r-release-macos-arm64 | 0.0.1 | 43.00 | OK | |||
r-release-macos-x86_64 | 0.0.1 | 85.00 | OK | |||
r-release-windows-x86_64 | 0.0.1 | 20.00 | 131.00 | 151.00 | OK | |
r-oldrel-macos-arm64 | 0.0.1 | 41.00 | OK | |||
r-oldrel-macos-x86_64 | 0.0.1 | 59.00 | OK | |||
r-oldrel-windows-ix86+x86_64 | 0.0.1 | 29.00 | 122.00 | 151.00 | OK |
Version: 0.0.1
Check: package dependencies
Result: WARN
Requires (indirectly) orphaned package: ‘gtools’
Flavors: r-devel-linux-x86_64-fedora-clang, r-devel-linux-x86_64-fedora-gcc