CRAN Package Check Results for Package quickReg

Last updated on 2025-05-07 11:55:39 CEST.

Flavor Version Tinstall Tcheck Ttotal Status Flags
r-devel-linux-x86_64-debian-clang 1.5.0 6.68 76.86 83.54 NOTE
r-devel-linux-x86_64-debian-gcc 1.5.0 4.63 56.74 61.37 NOTE
r-devel-linux-x86_64-fedora-clang 1.5.0 122.11 NOTE
r-devel-linux-x86_64-fedora-gcc 1.5.0 136.15 NOTE
r-devel-windows-x86_64 1.5.0 8.00 85.00 93.00 NOTE
r-patched-linux-x86_64 1.5.0 6.30 74.17 80.47 NOTE
r-release-linux-x86_64 1.5.0 5.66 72.81 78.47 NOTE
r-release-macos-arm64 1.5.0 42.00 NOTE
r-release-macos-x86_64 1.5.0 84.00 NOTE
r-release-windows-x86_64 1.5.0 8.00 85.00 93.00 NOTE
r-oldrel-macos-arm64 1.5.0 43.00 NOTE
r-oldrel-macos-x86_64 1.5.0 68.00 NOTE
r-oldrel-windows-x86_64 1.5.0 9.00 105.00 114.00 NOTE

Check Details

Version: 1.5.0
Check: Rd files
Result: NOTE checkRd: (-1) display_table.Rd:37: Lost braces; missing escapes or markup? 37 | \item{normtest}{A character indicating test of normality, the default method is \code{\link{shapiro.test}} when sample size no more than 5000, otherwise \code{\link[nortest]{lillie.test}} {Kolmogorov-Smirnov} is used, see package \strong{nortest} for more methods.Use 'shapiro.test', 'lillie.test', 'ad.test', etc to specify methods.} | ^ Flavors: r-devel-linux-x86_64-debian-clang, r-devel-linux-x86_64-debian-gcc, r-devel-linux-x86_64-fedora-clang, r-devel-linux-x86_64-fedora-gcc, r-devel-windows-x86_64, r-patched-linux-x86_64, r-release-linux-x86_64, r-release-macos-arm64, r-release-macos-x86_64, r-release-windows-x86_64, r-oldrel-macos-arm64, r-oldrel-macos-x86_64, r-oldrel-windows-x86_64

Version: 1.5.0
Check: dependencies in R code
Result: NOTE Namespace in Imports field not imported from: ‘psych’ All declared Imports should be used. Flavors: r-devel-linux-x86_64-fedora-clang, r-devel-linux-x86_64-fedora-gcc