Last updated on 2025-04-29 12:52:46 CEST.
Flavor | Version | Tinstall | Tcheck | Ttotal | Status | Flags |
---|---|---|---|---|---|---|
r-devel-linux-x86_64-debian-clang | 0.2.12 | 9.56 | 77.64 | 87.20 | NOTE | |
r-devel-linux-x86_64-debian-gcc | 0.2.12 | 6.73 | 53.39 | 60.12 | NOTE | |
r-devel-linux-x86_64-fedora-clang | 0.2.12 | 130.50 | OK | |||
r-devel-linux-x86_64-fedora-gcc | 0.2.12 | 127.66 | OK | |||
r-devel-windows-x86_64 | 0.2.12 | 11.00 | 158.00 | 169.00 | OK | |
r-patched-linux-x86_64 | 0.2.12 | 14.19 | 73.23 | 87.42 | OK | |
r-release-linux-x86_64 | 0.2.12 | 9.00 | 72.61 | 81.61 | OK | |
r-release-macos-arm64 | 0.2.12 | 40.00 | OK | |||
r-release-macos-x86_64 | 0.2.12 | 66.00 | OK | |||
r-release-windows-x86_64 | 0.2.12 | 12.00 | 171.00 | 183.00 | OK | |
r-oldrel-macos-arm64 | 0.2.12 | 35.00 | OK | |||
r-oldrel-macos-x86_64 | 0.2.12 | 53.00 | OK | |||
r-oldrel-windows-x86_64 | 0.2.12 | 12.00 | 140.00 | 152.00 | OK |
Version: 0.2.12
Check: CRAN incoming feasibility
Result: NOTE
Maintainer: ‘Pedro Canadilla <pedro.canadilla@gmail.com>’
No Authors@R field in DESCRIPTION.
Please add one, modifying
Authors@R: person(given = "Pedro",
family = "Canadilla",
role = c("aut", "cre"),
email = "pedro.canadilla@gmail.com")
as necessary.
Flavors: r-devel-linux-x86_64-debian-clang, r-devel-linux-x86_64-debian-gcc