CRAN Package Check Results for Package questionr

Last updated on 2022-07-01 11:52:08 CEST.

Flavor Version Tinstall Tcheck Ttotal Status Flags
r-devel-linux-x86_64-debian-clang 0.7.7 9.62 95.45 105.07 OK
r-devel-linux-x86_64-debian-gcc 0.7.7 8.63 71.29 79.92 OK
r-devel-linux-x86_64-fedora-clang 0.7.7 135.44 NOTE
r-devel-linux-x86_64-fedora-gcc 0.7.7 132.37 NOTE
r-devel-windows-x86_64 0.7.7 40.00 146.00 186.00 OK
r-patched-linux-x86_64 0.7.7 6.97 89.18 96.15 OK
r-release-linux-x86_64 0.7.7 7.09 89.87 96.96 OK
r-release-macos-arm64 0.7.7 44.00 NOTE
r-release-macos-x86_64 0.7.7 71.00 NOTE
r-release-windows-x86_64 0.7.7 47.00 139.00 186.00 OK
r-oldrel-macos-arm64 0.7.7 44.00 NOTE
r-oldrel-macos-x86_64 0.7.7 50.00 NOTE
r-oldrel-windows-ix86+x86_64 0.7.7 23.00 127.00 150.00 OK

Check Details

Version: 0.7.7
Check: data for non-ASCII characters
Result: NOTE
     Note: found 8504 marked UTF-8 strings
Flavors: r-devel-linux-x86_64-fedora-clang, r-devel-linux-x86_64-fedora-gcc, r-release-macos-arm64, r-release-macos-x86_64, r-oldrel-macos-arm64, r-oldrel-macos-x86_64