Last updated on 2024-04-23 10:54:13 CEST.
Flavor | Version | Tinstall | Tcheck | Ttotal | Status | Flags |
---|---|---|---|---|---|---|
r-devel-linux-x86_64-debian-clang | 5.97 | 33.81 | 206.12 | 239.93 | NOTE | |
r-devel-linux-x86_64-debian-gcc | 5.97 | 24.83 | 147.78 | 172.61 | NOTE | |
r-devel-linux-x86_64-fedora-clang | 5.97 | 299.00 | NOTE | |||
r-devel-linux-x86_64-fedora-gcc | 5.97 | 294.46 | NOTE | |||
r-prerel-macos-arm64 | 5.97 | 84.00 | NOTE | |||
r-prerel-windows-x86_64 | 5.97 | 39.00 | 175.00 | 214.00 | NOTE | |
r-patched-linux-x86_64 | 5.97 | 39.26 | 195.75 | 235.01 | NOTE | |
r-release-linux-x86_64 | 5.97 | 29.14 | 200.31 | 229.45 | OK | |
r-release-macos-arm64 | 5.97 | 96.00 | OK | |||
r-release-macos-x86_64 | 5.97 | 209.00 | OK | |||
r-release-windows-x86_64 | 5.97 | 50.00 | 213.00 | 263.00 | OK | |
r-oldrel-macos-arm64 | 5.97 | 88.00 | OK | |||
r-oldrel-windows-x86_64 | 5.97 | 47.00 | 215.00 | 262.00 | OK |
Version: 5.97
Check: Rd files
Result: NOTE
checkRd: (-1) boot.rq.pwxy.Rd:52: Lost braces in \enumerate; \value handles \item{}{} directly
checkRd: (-1) boot.rq.pwxy.Rd:53: Lost braces in \enumerate; \value handles \item{}{} directly
checkRd: (-1) boot.rq.pwxy.Rd:54: Lost braces in \enumerate; \value handles \item{}{} directly
checkRd: (-1) plot.rqss.Rd:16: Lost braces; missing escapes or markup?
16 | to plot {summary.rqss} objects just generates a warning message.
| ^
checkRd: (-1) rq.fit.conquer.Rd:22: Lost braces
22 | objective function. Default is max{((log(n) + p) / n)^0.4, 0.05}.
| ^
checkRd: (-1) rq.fit.pfnb.Rd:37-38: Lost braces in \enumerate; \value handles \item{}{} directly
checkRd: (-1) rq.fit.pfnb.Rd:39-43: Lost braces in \enumerate; \value handles \item{}{} directly
checkRd: (-1) rq.fit.pfnb.Rd:44: Lost braces in \enumerate; \value handles \item{}{} directly
checkRd: (-1) rq.fit.qfnb.Rd:31-32: Lost braces in \enumerate; \value handles \item{}{} directly
checkRd: (-1) rq.fit.qfnb.Rd:33: Lost braces in \enumerate; \value handles \item{}{} directly
checkRd: (-1) rq.fit.qfnb.Rd:34: Lost braces in \enumerate; \value handles \item{}{} directly
Flavors: r-devel-linux-x86_64-debian-clang, r-devel-linux-x86_64-debian-gcc, r-devel-linux-x86_64-fedora-clang, r-devel-linux-x86_64-fedora-gcc, r-prerel-macos-arm64, r-prerel-windows-x86_64, r-patched-linux-x86_64