CRAN Package Check Results for Package quantoptr

Last updated on 2022-06-26 11:52:41 CEST.

Flavor Version Tinstall Tcheck Ttotal Status Flags
r-devel-linux-x86_64-debian-clang 0.1.3 8.75 94.23 102.98 NOTE
r-devel-linux-x86_64-debian-gcc 0.1.3 8.75 71.26 80.01 NOTE
r-devel-linux-x86_64-fedora-clang 0.1.3 134.96 NOTE
r-devel-linux-x86_64-fedora-gcc 0.1.3 134.42 NOTE
r-devel-windows-x86_64 0.1.3 23.00 115.00 138.00 NOTE
r-patched-linux-x86_64 0.1.3 10.04 90.70 100.74 NOTE
r-release-linux-x86_64 0.1.3 10.64 91.16 101.80 NOTE
r-release-macos-arm64 0.1.3 56.00 NOTE
r-release-macos-x86_64 0.1.3 55.00 NOTE
r-release-windows-x86_64 0.1.3 30.00 114.00 144.00 NOTE
r-oldrel-macos-arm64 0.1.3 47.00 NOTE
r-oldrel-macos-x86_64 0.1.3 80.00 NOTE
r-oldrel-windows-ix86+x86_64 0.1.3 21.00 110.00 131.00 NOTE

Check Details

Version: 0.1.3
Check: LazyData
Result: NOTE
     'LazyData' is specified without a 'data' directory
Flavors: r-devel-linux-x86_64-debian-clang, r-devel-linux-x86_64-debian-gcc, r-devel-linux-x86_64-fedora-clang, r-devel-linux-x86_64-fedora-gcc, r-devel-windows-x86_64, r-patched-linux-x86_64, r-release-linux-x86_64, r-release-macos-arm64, r-release-macos-x86_64, r-release-windows-x86_64, r-oldrel-macos-arm64, r-oldrel-macos-x86_64, r-oldrel-windows-ix86+x86_64