Last updated on 2025-04-29 12:52:46 CEST.
Flavor | Version | Tinstall | Tcheck | Ttotal | Status | Flags |
---|---|---|---|---|---|---|
r-devel-linux-x86_64-debian-clang | 1.2 | 2.03 | 34.44 | 36.47 | NOTE | |
r-devel-linux-x86_64-debian-gcc | 1.2 | 1.77 | 24.20 | 25.97 | NOTE | |
r-devel-linux-x86_64-fedora-clang | 1.2 | 59.18 | OK | |||
r-devel-linux-x86_64-fedora-gcc | 1.2 | 57.72 | OK | |||
r-devel-windows-x86_64 | 1.2 | 4.00 | 51.00 | 55.00 | OK | |
r-patched-linux-x86_64 | 1.2 | 2.55 | 33.44 | 35.99 | OK | |
r-release-linux-x86_64 | 1.2 | 2.06 | 33.21 | 35.27 | OK | |
r-release-macos-arm64 | 1.2 | 21.00 | OK | |||
r-release-macos-x86_64 | 1.2 | 34.00 | OK | |||
r-release-windows-x86_64 | 1.2 | 3.00 | 56.00 | 59.00 | OK | |
r-oldrel-macos-arm64 | 1.2 | 21.00 | OK | |||
r-oldrel-macos-x86_64 | 1.2 | 29.00 | OK | |||
r-oldrel-windows-x86_64 | 1.2 | 5.00 | 49.00 | 54.00 | OK |
Version: 1.2
Check: CRAN incoming feasibility
Result: NOTE
Maintainer: ‘Cinzia Viroli <cinzia.viroli@unibo.it>’
No Authors@R field in DESCRIPTION.
Please add one, modifying
Authors@R: c(person(given = "Marco",
family = "Berrettini",
role = "aut"),
person(given = "Christian",
family = "Hennig",
role = "aut"),
person(given = "Cinzia",
family = "Viroli",
role = c("aut", "cre"),
email = "cinzia.viroli@unibo.it"))
as necessary.
Flavors: r-devel-linux-x86_64-debian-clang, r-devel-linux-x86_64-debian-gcc
Version: 1.2
Check: examples
Result: NOTE
Examples with CPU (user + system) or elapsed time > 5s
user system elapsed
quantilecl.vw 7.084 0.012 8.525
Flavor: r-devel-linux-x86_64-debian-clang