CRAN Package Check Results for Package quantileDA

Last updated on 2025-10-11 12:49:39 CEST.

Flavor Version Tinstall Tcheck Ttotal Status Flags
r-devel-linux-x86_64-debian-clang 1.2 2.29 36.82 39.11 NOTE
r-devel-linux-x86_64-debian-gcc 1.2 1.82 25.69 27.51 NOTE
r-devel-linux-x86_64-fedora-clang 1.2 59.44 OK
r-devel-linux-x86_64-fedora-gcc 1.2 58.84 OK
r-devel-windows-x86_64 1.2 4.00 51.00 55.00 OK
r-patched-linux-x86_64 1.2 2.59 34.69 37.28 OK
r-release-linux-x86_64 1.2 2.42 34.70 37.12 OK
r-release-macos-arm64 1.2 21.00 OK
r-release-macos-x86_64 1.2 34.00 OK
r-release-windows-x86_64 1.2 3.00 56.00 59.00 OK
r-oldrel-macos-arm64 1.2 21.00 OK
r-oldrel-macos-x86_64 1.2 29.00 OK
r-oldrel-windows-x86_64 1.2 5.00 49.00 54.00 OK

Check Details

Version: 1.2
Check: CRAN incoming feasibility
Result: NOTE Maintainer: ‘Cinzia Viroli <cinzia.viroli@unibo.it>’ No Authors@R field in DESCRIPTION. Please add one, modifying Authors@R: c(person(given = "Marco", family = "Berrettini", role = "aut"), person(given = "Christian", family = "Hennig", role = "aut"), person(given = "Cinzia", family = "Viroli", role = c("aut", "cre"), email = "cinzia.viroli@unibo.it")) as necessary. Flavors: r-devel-linux-x86_64-debian-clang, r-devel-linux-x86_64-debian-gcc