Last updated on 2025-02-01 12:48:36 CET.
Flavor | Version | Tinstall | Tcheck | Ttotal | Status | Flags |
---|---|---|---|---|---|---|
r-devel-linux-x86_64-debian-clang | 0.95 | 18.77 | 121.68 | 140.45 | NOTE | |
r-devel-linux-x86_64-debian-gcc | 0.95 | 12.97 | 87.62 | 100.59 | NOTE | |
r-devel-linux-x86_64-fedora-clang | 0.95 | 240.78 | NOTE | |||
r-devel-linux-x86_64-fedora-gcc | 0.95 | 230.70 | NOTE | |||
r-devel-windows-x86_64 | 0.95 | 21.00 | 136.00 | 157.00 | OK | |
r-patched-linux-x86_64 | 0.95 | 17.64 | 112.33 | 129.97 | NOTE | |
r-release-linux-x86_64 | 0.95 | 17.17 | 112.64 | 129.81 | NOTE | |
r-release-macos-arm64 | 0.95 | 64.00 | OK | |||
r-release-macos-x86_64 | 0.95 | 130.00 | OK | |||
r-release-windows-x86_64 | 0.95 | 20.00 | 134.00 | 154.00 | OK | |
r-oldrel-macos-arm64 | 0.95 | 67.00 | OK | |||
r-oldrel-macos-x86_64 | 0.95 | 124.00 | OK | |||
r-oldrel-windows-x86_64 | 0.95 | 27.00 | 177.00 | 204.00 | OK |
Version: 0.95
Check: Rd cross-references
Result: NOTE
Unknown package ‘quanteda.textmodels’ in Rd xrefs
Flavors: r-devel-linux-x86_64-debian-clang, r-devel-linux-x86_64-debian-gcc, r-devel-linux-x86_64-fedora-clang, r-devel-linux-x86_64-fedora-gcc, r-patched-linux-x86_64, r-release-linux-x86_64
Version: 0.95
Check: package dependencies
Result: NOTE
Package suggested but not available for checking: ‘quanteda.textmodels’
Flavors: r-patched-linux-x86_64, r-release-linux-x86_64