Last updated on 2022-06-25 10:53:11 CEST.
Flavor | Version | Tinstall | Tcheck | Ttotal | Status | Flags |
---|---|---|---|---|---|---|
r-devel-linux-x86_64-debian-clang | 0.1.9 | 108.20 | 375.27 | 483.47 | WARN | |
r-devel-linux-x86_64-debian-gcc | 0.1.9 | 105.25 | 278.09 | 383.34 | OK | |
r-devel-linux-x86_64-fedora-clang | 0.1.9 | 626.18 | WARN | |||
r-devel-linux-x86_64-fedora-gcc | 0.1.9 | 619.68 | OK | |||
r-devel-windows-x86_64 | 0.1.9 | 191.00 | 417.00 | 608.00 | OK | |
r-patched-linux-x86_64 | 0.1.9 | 107.73 | 368.92 | 476.65 | OK | |
r-release-linux-x86_64 | 0.1.9 | 111.90 | 359.42 | 471.32 | OK | |
r-release-macos-arm64 | 0.1.9 | 138.00 | NOTE | |||
r-release-macos-x86_64 | 0.1.9 | 194.00 | NOTE | |||
r-release-windows-x86_64 | 0.1.9 | 168.00 | 405.00 | 573.00 | OK | |
r-oldrel-macos-arm64 | 0.1.9 | 141.00 | NOTE | |||
r-oldrel-macos-x86_64 | 0.1.9 | 193.00 | NOTE | |||
r-oldrel-windows-ix86+x86_64 | 0.1.9 | 275.00 | 590.00 | 865.00 | NOTE |
Version: 0.1.9
Check: whether package can be installed
Result: WARN
Found the following significant warnings:
Quadtree.cpp:298:9: warning: use of bitwise '|' with boolean operands [-Wbitwise-instead-of-logical]
Flavors: r-devel-linux-x86_64-debian-clang, r-devel-linux-x86_64-fedora-clang
Version: 0.1.9
Check: installed package size
Result: NOTE
installed size is 8.7Mb
sub-directories of 1Mb or more:
doc 1.7Mb
libs 6.0Mb
Flavors: r-devel-linux-x86_64-fedora-clang, r-release-macos-arm64, r-release-macos-x86_64, r-oldrel-macos-arm64, r-oldrel-macos-x86_64, r-oldrel-windows-ix86+x86_64