Last updated on 2024-03-28 09:51:53 CET.
Flavor | Version | Tinstall | Tcheck | Ttotal | Status | Flags |
---|---|---|---|---|---|---|
r-devel-linux-x86_64-debian-clang | 1.4.3 | 111.06 | 120.52 | 231.58 | NOTE | |
r-devel-linux-x86_64-debian-gcc | 1.4.3 | 96.40 | 93.71 | 190.11 | NOTE | |
r-devel-linux-x86_64-fedora-clang | 1.4.3 | 304.75 | NOTE | |||
r-devel-linux-x86_64-fedora-gcc | 1.4.3 | 348.80 | NOTE | |||
r-devel-windows-x86_64 | 1.4.3 | 86.00 | 130.00 | 216.00 | NOTE | |
r-patched-linux-x86_64 | 1.4.3 | 108.14 | 128.19 | 236.33 | NOTE | |
r-release-linux-x86_64 | 1.4.3 | 119.83 | 127.39 | 247.22 | NOTE | |
r-release-macos-arm64 | 1.4.3 | 83.00 | NOTE | |||
r-release-macos-x86_64 | 1.4.3 | 140.00 | NOTE | |||
r-release-windows-x86_64 | 1.4.3 | 104.00 | 162.00 | 266.00 | NOTE | |
r-oldrel-macos-arm64 | 1.4.3 | 69.00 | NOTE | |||
r-oldrel-windows-x86_64 | 1.4.3 | 97.00 | 154.00 | 251.00 | NOTE |
Version: 1.4.3
Check: LazyData
Result: NOTE
'LazyData' is specified without a 'data' directory
Flavors: r-devel-linux-x86_64-debian-clang, r-devel-linux-x86_64-debian-gcc, r-devel-linux-x86_64-fedora-clang, r-devel-linux-x86_64-fedora-gcc, r-devel-windows-x86_64, r-patched-linux-x86_64, r-release-linux-x86_64, r-release-macos-arm64, r-release-macos-x86_64, r-release-windows-x86_64, r-oldrel-macos-arm64, r-oldrel-windows-x86_64
Version: 1.4.3
Check: installed package size
Result: NOTE
installed size is 16.7Mb
sub-directories of 1Mb or more:
libs 16.4Mb
Flavors: r-release-macos-arm64, r-release-macos-x86_64, r-oldrel-macos-arm64