Last updated on 2022-06-30 11:53:16 CEST.
Flavor | Version | Tinstall | Tcheck | Ttotal | Status | Flags |
---|---|---|---|---|---|---|
r-devel-linux-x86_64-debian-clang | 1.2.0 | 9.47 | 101.83 | 111.30 | OK | |
r-devel-linux-x86_64-debian-gcc | 1.2.0 | 7.86 | 74.76 | 82.62 | OK | |
r-devel-linux-x86_64-fedora-clang | 1.2.0 | 140.28 | NOTE | |||
r-devel-linux-x86_64-fedora-gcc | 1.2.0 | 137.94 | NOTE | |||
r-devel-windows-x86_64 | 1.2.0 | 37.00 | 127.00 | 164.00 | OK | |
r-patched-linux-x86_64 | 1.2.0 | 7.94 | 95.61 | 103.55 | OK | |
r-release-linux-x86_64 | 1.2.0 | 10.57 | 96.03 | 106.60 | OK | |
r-release-macos-arm64 | 1.2.0 | 48.00 | NOTE | |||
r-release-macos-x86_64 | 1.2.0 | 79.00 | NOTE | |||
r-release-windows-x86_64 | 1.2.0 | 52.00 | 125.00 | 177.00 | OK | |
r-oldrel-macos-arm64 | 1.2.0 | 45.00 | NOTE | |||
r-oldrel-macos-x86_64 | 1.2.0 | 54.00 | NOTE | |||
r-oldrel-windows-ix86+x86_64 | 1.2.0 | 24.00 | 126.00 | 150.00 | OK |
Version: 1.2.0
Check: dependencies in R code
Result: NOTE
Namespaces in Imports field not imported from:
‘RColorBrewer’ ‘purrr’
All declared Imports should be used.
Flavors: r-devel-linux-x86_64-fedora-clang, r-devel-linux-x86_64-fedora-gcc, r-release-macos-arm64, r-release-macos-x86_64, r-oldrel-macos-arm64, r-oldrel-macos-x86_64