CRAN Package Check Results for Package qtl2ggplot

Last updated on 2022-06-25 10:53:11 CEST.

Flavor Version Tinstall Tcheck Ttotal Status Flags
r-devel-linux-x86_64-debian-clang 1.2.1 24.03 173.60 197.63 OK
r-devel-linux-x86_64-debian-gcc 1.2.1 20.86 126.80 147.66 OK
r-devel-linux-x86_64-fedora-clang 1.2.1 245.51 NOTE
r-devel-linux-x86_64-fedora-gcc 1.2.1 237.97 OK
r-devel-windows-x86_64 1.2.1 47.00 234.00 281.00 NOTE
r-patched-linux-x86_64 1.2.1 23.04 162.09 185.13 OK
r-release-linux-x86_64 1.2.1 18.09 162.78 180.87 OK
r-release-macos-arm64 1.2.1 89.00 NOTE
r-release-macos-x86_64 1.2.1 146.00 NOTE
r-release-windows-x86_64 1.2.1 57.00 225.00 282.00 NOTE
r-oldrel-macos-arm64 1.2.1 87.00 NOTE
r-oldrel-macos-x86_64 1.2.1 103.00 NOTE
r-oldrel-windows-ix86+x86_64 1.2.1 61.00 247.00 308.00 NOTE

Check Details

Version: 1.2.1
Check: installed package size
Result: NOTE
     installed size is 5.1Mb
     sub-directories of 1Mb or more:
     doc 4.4Mb
Flavors: r-devel-linux-x86_64-fedora-clang, r-devel-windows-x86_64, r-release-macos-arm64, r-release-macos-x86_64, r-release-windows-x86_64, r-oldrel-macos-arm64, r-oldrel-macos-x86_64, r-oldrel-windows-ix86+x86_64