CRAN Package Check Results for Package qst

Last updated on 2022-06-29 11:52:18 CEST.

Flavor Version Tinstall Tcheck Ttotal Status Flags
r-devel-linux-x86_64-debian-clang 0.1.2 5.87 53.47 59.34 NOTE
r-devel-linux-x86_64-debian-gcc 0.1.2 5.41 39.79 45.20 NOTE
r-devel-linux-x86_64-fedora-clang 0.1.2 83.80 NOTE
r-devel-linux-x86_64-fedora-gcc 0.1.2 83.31 NOTE
r-devel-windows-x86_64 0.1.2 13.00 74.00 87.00 NOTE
r-patched-linux-x86_64 0.1.2 6.06 49.36 55.42 NOTE
r-release-linux-x86_64 0.1.2 7.23 50.60 57.83 NOTE
r-release-macos-arm64 0.1.2 23.00 NOTE
r-release-macos-x86_64 0.1.2 41.00 NOTE
r-release-windows-x86_64 0.1.2 13.00 74.00 87.00 NOTE
r-oldrel-macos-arm64 0.1.2 26.00 NOTE
r-oldrel-macos-x86_64 0.1.2 33.00 NOTE
r-oldrel-windows-ix86+x86_64 0.1.2 16.00 72.00 88.00 NOTE

Check Details

Version: 0.1.2
Check: LazyData
Result: NOTE
     'LazyData' is specified without a 'data' directory
Flavors: r-devel-linux-x86_64-debian-clang, r-devel-linux-x86_64-debian-gcc, r-devel-linux-x86_64-fedora-clang, r-devel-linux-x86_64-fedora-gcc, r-devel-windows-x86_64, r-patched-linux-x86_64, r-release-linux-x86_64, r-release-macos-arm64, r-release-macos-x86_64, r-release-windows-x86_64, r-oldrel-macos-arm64, r-oldrel-macos-x86_64, r-oldrel-windows-ix86+x86_64