Last updated on 2024-04-18 12:52:56 CEST.
Flavor | Version | Tinstall | Tcheck | Ttotal | Status | Flags |
---|---|---|---|---|---|---|
r-devel-linux-x86_64-debian-clang | 0.1.0 | 44.92 | 295.16 | 340.08 | NOTE | |
r-devel-linux-x86_64-debian-gcc | 0.1.0 | 35.75 | 208.35 | 244.10 | NOTE | |
r-devel-linux-x86_64-fedora-clang | 0.1.0 | 425.11 | NOTE | |||
r-devel-linux-x86_64-fedora-gcc | 0.1.0 | 400.17 | NOTE | |||
r-prerel-macos-arm64 | 0.1.0 | 86.00 | NOTE | |||
r-prerel-windows-x86_64 | 0.1.0 | 42.00 | 188.00 | 230.00 | NOTE | |
r-patched-linux-x86_64 | 0.1.0 | 45.70 | 277.60 | 323.30 | NOTE | |
r-release-linux-x86_64 | 0.1.0 | 39.69 | 282.80 | 322.49 | NOTE | |
r-release-macos-arm64 | 0.1.0 | 95.00 | NOTE | |||
r-release-macos-x86_64 | 0.1.0 | 182.00 | NOTE | |||
r-release-windows-x86_64 | 0.1.0 | 56.00 | 260.00 | 316.00 | NOTE | |
r-oldrel-macos-arm64 | 0.1.0 | 76.00 | NOTE | |||
r-oldrel-windows-x86_64 | 0.1.0 | 58.00 | 255.00 | 313.00 | NOTE |
Version: 0.1.0
Check: LazyData
Result: NOTE
'LazyData' is specified without a 'data' directory
Flavors: r-devel-linux-x86_64-debian-clang, r-devel-linux-x86_64-debian-gcc, r-devel-linux-x86_64-fedora-clang, r-devel-linux-x86_64-fedora-gcc, r-prerel-macos-arm64, r-prerel-windows-x86_64, r-patched-linux-x86_64, r-release-linux-x86_64, r-release-macos-arm64, r-release-macos-x86_64, r-release-windows-x86_64, r-oldrel-macos-arm64, r-oldrel-windows-x86_64
Version: 0.1.0
Check: compiled code
Result: NOTE
File ‘qrencoder/libs/qrencoder.so’:
Found no calls to: ‘R_registerRoutines’, ‘R_useDynamicSymbols’
It is good practice to register native routines and to disable symbol
search.
See ‘Writing portable packages’ in the ‘Writing R Extensions’ manual.
Flavors: r-devel-linux-x86_64-fedora-clang, r-devel-linux-x86_64-fedora-gcc