Last updated on 2024-04-17 10:41:46 CEST.
Flavor | Version | Tinstall | Tcheck | Ttotal | Status | Flags |
---|---|---|---|---|---|---|
r-devel-linux-x86_64-debian-clang | 0.2.7 | 13.53 | 235.50 | 249.03 | OK | |
r-devel-linux-x86_64-debian-gcc | 0.2.7 | 9.00 | 177.75 | 186.75 | OK | |
r-devel-linux-x86_64-fedora-clang | 0.2.7 | 322.70 | OK | |||
r-devel-linux-x86_64-fedora-gcc | 0.2.7 | 322.14 | OK | |||
r-prerel-macos-arm64 | 0.2.7 | 88.00 | OK | |||
r-prerel-windows-x86_64 | 0.2.7 | 10.00 | 184.00 | 194.00 | OK | |
r-patched-linux-x86_64 | 0.2.7 | 10.94 | 221.11 | 232.05 | OK | |
r-release-linux-x86_64 | 0.2.7 | 11.95 | 228.19 | 240.14 | OK | |
r-release-macos-arm64 | 0.2.7 | 101.00 | OK | |||
r-release-macos-x86_64 | 0.2.7 | 97.00 | NOTE | |||
r-release-windows-x86_64 | 0.2.7 | 14.00 | 232.00 | 246.00 | OK | |
r-oldrel-macos-arm64 | 0.2.7 | 96.00 | OK | |||
r-oldrel-windows-x86_64 | 0.2.7 | 15.00 | 234.00 | 249.00 | OK |
Version: 0.2.7
Check: package dependencies
Result: NOTE
Packages suggested but not available for checking: 'glmmTMB', 'DHARMa'
Flavor: r-release-macos-x86_64