Last updated on 2023-09-27 12:02:58 CEST.
Flavor | Version | Tinstall | Tcheck | Ttotal | Status | Flags |
---|---|---|---|---|---|---|
r-devel-linux-x86_64-debian-clang | 2.2 | 13.06 | 105.62 | 118.68 | OK | |
r-devel-linux-x86_64-debian-gcc | 2.2 | 10.56 | 80.56 | 91.12 | OK | |
r-devel-linux-x86_64-fedora-clang | 2.2 | 155.86 | NOTE | |||
r-devel-linux-x86_64-fedora-gcc | 2.2 | 157.01 | OK | |||
r-devel-windows-x86_64 | 2.2 | 12.00 | 95.00 | 107.00 | OK | |
r-patched-linux-x86_64 | 2.2 | 13.49 | 108.23 | 121.72 | OK | |
r-release-linux-x86_64 | 2.2 | 13.73 | 106.26 | 119.99 | OK | |
r-release-macos-arm64 | 2.2 | 48.00 | OK | |||
r-release-macos-x86_64 | 2.2 | 86.00 | OK | |||
r-release-windows-x86_64 | 2.2 | 13.00 | 105.00 | 118.00 | OK | |
r-oldrel-macos-arm64 | 2.2 | 81.00 | OK | |||
r-oldrel-macos-x86_64 | 2.2 | 127.00 | OK | |||
r-oldrel-windows-x86_64 | 2.2 | 14.00 | 111.00 | 125.00 | OK |
Version: 2.2
Check: Rd cross-references
Result: NOTE
Undeclared package ‘qrNLMM’ in Rd xrefs
Flavor: r-devel-linux-x86_64-fedora-clang