CRAN Package Check Results for Package qqr

Last updated on 2022-07-07 12:55:32 CEST.

Flavor Version Tinstall Tcheck Ttotal Status Flags
r-devel-linux-x86_64-debian-clang 0.0.1 10.53 86.43 96.96 ERROR
r-devel-linux-x86_64-debian-gcc 0.0.1 9.06 64.03 73.09 ERROR
r-devel-linux-x86_64-fedora-clang 0.0.1 118.05 ERROR
r-devel-linux-x86_64-fedora-gcc 0.0.1 120.31 ERROR
r-devel-windows-x86_64 0.0.1 15.00 112.00 127.00 ERROR
r-patched-linux-x86_64 0.0.1 7.39 81.77 89.16 ERROR
r-release-linux-x86_64 0.0.1 6.77 82.07 88.84 ERROR
r-release-macos-arm64 0.0.1 47.00 NOTE
r-release-macos-x86_64 0.0.1 70.00 NOTE
r-release-windows-x86_64 0.0.1 19.00 115.00 134.00 ERROR
r-oldrel-macos-arm64 0.0.1 50.00 NOTE
r-oldrel-macos-x86_64 0.0.1 72.00 NOTE
r-oldrel-windows-ix86+x86_64 0.0.1 25.00 108.00 133.00 ERROR

Check Details

Version: 0.0.1
Check: examples
Result: ERROR
    Running examples in 'qqr-Ex.R' failed
    The error most likely occurred in:
    
    > base::assign(".ptime", proc.time(), pos = "CheckExEnv")
    > ### Name: previousData
    > ### Title: Get data from previous years of the Brazilian soccer
    > ### championship
    > ### Aliases: previousData
    >
    > ### ** Examples
    >
    > previousData(2019)
    Error in tabela[[1]] : subscript out of bounds
    Calls: previousData
    Execution halted
Flavors: r-devel-linux-x86_64-debian-clang, r-devel-linux-x86_64-debian-gcc, r-patched-linux-x86_64, r-release-linux-x86_64

Version: 0.0.1
Check: re-building of vignette outputs
Result: ERROR
    Error(s) in re-building vignettes:
     ...
    --- re-building 'qqr_Package.Rmd' using rmarkdown
    Loading required package: xml2
    Loading required package: rvest
    Loading required package: tidyverse
    -- Attaching packages --------------------------------------- tidyverse 1.3.1 --
    v ggplot2 3.3.6 v purrr 0.3.4
    v tibble 3.1.7 v dplyr 1.0.9
    v tidyr 1.2.0 v stringr 1.4.0
    v readr 2.1.2 v forcats 0.5.1
    -- Conflicts ------------------------------------------ tidyverse_conflicts() --
    x dplyr::filter() masks stats::filter()
    x readr::guess_encoding() masks rvest::guess_encoding()
    x dplyr::lag() masks stats::lag()
    Quitting from lines 33-34 (qqr_Package.Rmd)
    Error: processing vignette 'qqr_Package.Rmd' failed with diagnostics:
    subscript out of bounds
    --- failed re-building 'qqr_Package.Rmd'
    
    SUMMARY: processing the following file failed:
     'qqr_Package.Rmd'
    
    Error: Vignette re-building failed.
    Execution halted
Flavor: r-devel-linux-x86_64-debian-clang

Version: 0.0.1
Check: re-building of vignette outputs
Result: ERROR
    Error(s) in re-building vignettes:
     ...
    --- re-building ‘qqr_Package.Rmd’ using rmarkdown
    Loading required package: xml2
    Loading required package: rvest
    Loading required package: tidyverse
    ── Attaching packages ─────────────────────────────────────── tidyverse 1.3.1 ──
    ✔ ggplot2 3.3.6 ✔ purrr 0.3.4
    ✔ tibble 3.1.7 ✔ dplyr 1.0.9
    ✔ tidyr 1.2.0 ✔ stringr 1.4.0
    ✔ readr 2.1.2 ✔ forcats 0.5.1
    ── Conflicts ────────────────────────────────────────── tidyverse_conflicts() ──
    ✖ dplyr::filter() masks stats::filter()
    ✖ readr::guess_encoding() masks rvest::guess_encoding()
    ✖ dplyr::lag() masks stats::lag()
    Quitting from lines 33-34 (qqr_Package.Rmd)
    Error: processing vignette ‘qqr_Package.Rmd’ failed with diagnostics:
    subscript out of bounds
    --- failed re-building ‘qqr_Package.Rmd’
    
    SUMMARY: processing the following file failed:
     ‘qqr_Package.Rmd’
    
    Error: Vignette re-building failed.
    Execution halted
Flavors: r-devel-linux-x86_64-debian-gcc, r-patched-linux-x86_64, r-release-linux-x86_64

Version: 0.0.1
Check: data for non-ASCII characters
Result: NOTE
     Note: found 7 marked UTF-8 strings
Flavors: r-devel-linux-x86_64-fedora-clang, r-devel-linux-x86_64-fedora-gcc, r-release-macos-arm64, r-release-macos-x86_64, r-oldrel-macos-arm64, r-oldrel-macos-x86_64

Version: 0.0.1
Check: examples
Result: ERROR
    Running examples in ‘qqr-Ex.R’ failed
    The error most likely occurred in:
    
    > ### Name: previousData
    > ### Title: Get data from previous years of the Brazilian soccer
    > ### championship
    > ### Aliases: previousData
    >
    > ### ** Examples
    >
    > previousData(2019)
    Error in tabela[[1]] : subscript out of bounds
    Calls: previousData
    Execution halted
Flavors: r-devel-linux-x86_64-fedora-clang, r-devel-linux-x86_64-fedora-gcc, r-devel-windows-x86_64, r-release-windows-x86_64, r-oldrel-windows-ix86+x86_64

Version: 0.0.1
Check: re-building of vignette outputs
Result: ERROR
    Error(s) in re-building vignettes:
    --- re-building ‘qqr_Package.Rmd’ using rmarkdown
    Loading required package: xml2
    Loading required package: rvest
    Loading required package: tidyverse
    ── Attaching packages ─────────────────────────────────────── tidyverse 1.3.1 ──
    ✔ ggplot2 3.3.6 ✔ purrr 0.3.4
    ✔ tibble 3.1.7 ✔ dplyr 1.0.9
    ✔ tidyr 1.2.0 ✔ stringr 1.4.0
    ✔ readr 2.1.2 ✔ forcats 0.5.1
    ── Conflicts ────────────────────────────────────────── tidyverse_conflicts() ──
    ✖ dplyr::filter() masks stats::filter()
    ✖ readr::guess_encoding() masks rvest::guess_encoding()
    ✖ dplyr::lag() masks stats::lag()
    Quitting from lines 33-34 (qqr_Package.Rmd)
    Error: processing vignette 'qqr_Package.Rmd' failed with diagnostics:
    subscript out of bounds
    --- failed re-building ‘qqr_Package.Rmd’
    
    SUMMARY: processing the following file failed:
     ‘qqr_Package.Rmd’
    
    Error: Vignette re-building failed.
    Execution halted
Flavors: r-devel-linux-x86_64-fedora-clang, r-devel-linux-x86_64-fedora-gcc, r-devel-windows-x86_64, r-release-windows-x86_64

Version: 0.0.1
Check: re-building of vignette outputs
Result: WARN
    Error(s) in re-building vignettes:
    --- re-building 'qqr_Package.Rmd' using rmarkdown
    Loading required package: xml2
    Loading required package: rvest
    Loading required package: tidyverse
    -- Attaching packages --------------------------------------- tidyverse 1.3.1 --
    v ggplot2 3.3.6 v purrr 0.3.4
    v tibble 3.1.7 v dplyr 1.0.9
    v tidyr 1.2.0 v stringr 1.4.0
    v readr 2.1.2 v forcats 0.5.1
    -- Conflicts ------------------------------------------ tidyverse_conflicts() --
    x dplyr::filter() masks stats::filter()
    x readr::guess_encoding() masks rvest::guess_encoding()
    x dplyr::lag() masks stats::lag()
    Quitting from lines 33-34 (qqr_Package.Rmd)
    Error: processing vignette 'qqr_Package.Rmd' failed with diagnostics:
    subscript out of bounds
    --- failed re-building 'qqr_Package.Rmd'
    
    SUMMARY: processing the following file failed:
     'qqr_Package.Rmd'
    
    Error: Vignette re-building failed.
    Execution halted
Flavor: r-oldrel-windows-ix86+x86_64