CRAN Package Check Results for Package qpmadr

Last updated on 2022-07-05 11:50:01 CEST.

Flavor Version Tinstall Tcheck Ttotal Status Flags
r-devel-linux-x86_64-debian-clang 1.1.0-0 42.78 29.18 71.96 OK
r-devel-linux-x86_64-debian-gcc 1.1.0-0 30.39 23.94 54.33 OK
r-devel-linux-x86_64-fedora-clang 1.1.0-0 105.77 NOTE
r-devel-linux-x86_64-fedora-gcc 1.1.0-0 98.27 OK
r-devel-windows-x86_64 1.1.0-0 34.00 94.00 128.00 OK
r-patched-linux-x86_64 1.1.0-0 35.42 29.94 65.36 OK
r-release-linux-x86_64 1.1.0-0 32.81 30.66 63.47 OK
r-release-macos-arm64 1.1.0-0 30.00 NOTE
r-release-macos-x86_64 1.1.0-0 37.00 NOTE
r-release-windows-x86_64 1.1.0-0 36.00 76.00 112.00 OK
r-oldrel-macos-arm64 1.1.0-0 39.00 NOTE
r-oldrel-macos-x86_64 1.1.0-0 36.00 NOTE
r-oldrel-windows-ix86+x86_64 1.1.0-0 89.00 77.00 166.00 OK

Check Details

Version: 1.1.0-0
Check: installed package size
Result: NOTE
     installed size is 7.3Mb
     sub-directories of 1Mb or more:
     libs 7.1Mb
Flavors: r-devel-linux-x86_64-fedora-clang, r-release-macos-arm64, r-release-macos-x86_64, r-oldrel-macos-arm64, r-oldrel-macos-x86_64