Last updated on 2022-06-29 11:52:18 CEST.
Flavor | Version | Tinstall | Tcheck | Ttotal | Status | Flags |
---|---|---|---|---|---|---|
r-devel-linux-x86_64-debian-clang | 0.9.7 | 10.46 | 117.49 | 127.95 | OK | |
r-devel-linux-x86_64-debian-gcc | 0.9.7 | 7.83 | 89.74 | 97.57 | OK | |
r-devel-linux-x86_64-fedora-clang | 0.9.7 | 159.64 | NOTE | |||
r-devel-linux-x86_64-fedora-gcc | 0.9.7 | 159.47 | NOTE | |||
r-devel-windows-x86_64 | 0.9.7 | 41.00 | 154.00 | 195.00 | OK | |
r-patched-linux-x86_64 | 0.9.7 | 12.74 | 110.43 | 123.17 | OK | |
r-release-linux-x86_64 | 0.9.7 | 7.92 | 111.76 | 119.68 | OK | |
r-release-macos-arm64 | 0.9.7 | 45.00 | NOTE | |||
r-release-macos-x86_64 | 0.9.7 | 70.00 | NOTE | |||
r-release-windows-x86_64 | 0.9.7 | 52.00 | 151.00 | 203.00 | OK | |
r-oldrel-macos-arm64 | 0.9.7 | 61.00 | NOTE | |||
r-oldrel-macos-x86_64 | 0.9.7 | 104.00 | NOTE | |||
r-oldrel-windows-ix86+x86_64 | 0.9.7 | 20.00 | 146.00 | 166.00 | OK |
Version: 0.9.7
Check: data for non-ASCII characters
Result: NOTE
Note: found 76102 marked UTF-8 strings
Flavors: r-devel-linux-x86_64-fedora-clang, r-devel-linux-x86_64-fedora-gcc, r-release-macos-arm64, r-release-macos-x86_64, r-oldrel-macos-arm64, r-oldrel-macos-x86_64