CRAN Package Check Results for Package qiitr

Last updated on 2024-04-18 12:52:56 CEST.

Flavor Version Tinstall Tcheck Ttotal Status Flags
r-devel-linux-x86_64-debian-clang 0.1.1 2.66 26.51 29.17 NOTE
r-devel-linux-x86_64-debian-gcc 0.1.1 1.66 20.49 22.15 NOTE
r-devel-linux-x86_64-fedora-clang 0.1.1 36.55 NOTE
r-devel-linux-x86_64-fedora-gcc 0.1.1 34.37 NOTE
r-prerel-macos-arm64 0.1.1 15.00 NOTE
r-prerel-windows-x86_64 0.1.1 4.00 43.00 47.00 NOTE
r-patched-linux-x86_64 0.1.1 2.95 25.98 28.93 NOTE
r-release-linux-x86_64 0.1.1 2.28 26.21 28.49 NOTE
r-release-macos-arm64 0.1.1 14.00 NOTE
r-release-macos-x86_64 0.1.1 20.00 NOTE
r-release-windows-x86_64 0.1.1 5.00 41.00 46.00 NOTE
r-oldrel-macos-arm64 0.1.1 14.00 NOTE
r-oldrel-windows-x86_64 0.1.1 4.00 46.00 50.00 NOTE

Check Details

Version: 0.1.1
Check: LazyData
Result: NOTE 'LazyData' is specified without a 'data' directory Flavors: r-devel-linux-x86_64-debian-clang, r-devel-linux-x86_64-debian-gcc, r-devel-linux-x86_64-fedora-clang, r-devel-linux-x86_64-fedora-gcc, r-prerel-macos-arm64, r-prerel-windows-x86_64, r-patched-linux-x86_64, r-release-linux-x86_64, r-release-macos-arm64, r-release-macos-x86_64, r-release-windows-x86_64, r-oldrel-macos-arm64, r-oldrel-windows-x86_64