Last updated on 2024-03-28 09:51:53 CET.
Flavor | Version | Tinstall | Tcheck | Ttotal | Status | Flags |
---|---|---|---|---|---|---|
r-devel-linux-x86_64-debian-clang | 2.15.2 | 18.00 | 297.92 | 315.92 | NOTE | |
r-devel-linux-x86_64-debian-gcc | 2.15.2 | 15.27 | 222.48 | 237.75 | NOTE | |
r-devel-linux-x86_64-fedora-clang | 2.15.2 | 381.23 | NOTE | |||
r-devel-linux-x86_64-fedora-gcc | 2.15.2 | 399.72 | NOTE | |||
r-devel-windows-x86_64 | 2.15.2 | 18.00 | 253.00 | 271.00 | NOTE | |
r-patched-linux-x86_64 | 2.15.2 | 18.38 | 295.30 | 313.68 | NOTE | |
r-release-linux-x86_64 | 2.15.2 | 12.43 | 291.84 | 304.27 | OK | |
r-release-macos-arm64 | 2.15.2 | 130.00 | OK | |||
r-release-macos-x86_64 | 2.15.2 | 305.00 | OK | |||
r-release-windows-x86_64 | 2.15.2 | 22.00 | 332.00 | 354.00 | OK | |
r-oldrel-macos-arm64 | 2.15.2 | 138.00 | OK | |||
r-oldrel-windows-x86_64 | 2.15.2 | 24.00 | 324.00 | 348.00 | OK |
Version: 2.15.2
Check: Rd files
Result: NOTE
checkRd: (-1) qgcomp.survcurve.boot.Rd:17-19: Lost braces in \itemize; \value handles \item{}{} directly
checkRd: (-1) qgcomp.survcurve.boot.Rd:20-21: Lost braces in \itemize; \value handles \item{}{} directly
checkRd: (-1) qgcomp.survcurve.boot.Rd:22-23: Lost braces in \itemize; \value handles \item{}{} directly
checkRd: (-1) qgcomp.survcurve.boot.Rd:24-25: Lost braces in \itemize; \value handles \item{}{} directly
Flavors: r-devel-linux-x86_64-debian-clang, r-devel-linux-x86_64-debian-gcc, r-devel-linux-x86_64-fedora-clang, r-devel-linux-x86_64-fedora-gcc, r-devel-windows-x86_64, r-patched-linux-x86_64