CRAN Package Check Results for Package qeML

Last updated on 2024-04-23 10:54:13 CEST.

Flavor Version Tinstall Tcheck Ttotal Status Flags
r-devel-linux-x86_64-debian-clang 1.1 16.81 176.29 193.10 OK
r-devel-linux-x86_64-debian-gcc 1.1 11.12 129.90 141.02 OK
r-devel-linux-x86_64-fedora-clang 1.1 244.26 NOTE
r-devel-linux-x86_64-fedora-gcc 1.1 264.69 OK
r-prerel-macos-arm64 1.1 80.00 OK
r-prerel-windows-x86_64 1.1 15.00 145.00 160.00 OK
r-patched-linux-x86_64 1.1 12.97 167.40 180.37 OK
r-release-linux-x86_64 1.1 14.39 167.08 181.47 OK
r-release-macos-arm64 1.1 83.00 OK
r-release-macos-x86_64 1.1 148.00 OK
r-release-windows-x86_64 1.1 22.00 179.00 201.00 OK
r-oldrel-macos-arm64 1.1 79.00 OK
r-oldrel-windows-x86_64 1.1 19.00 178.00 197.00 OK

Check Details

Version: 1.1
Check: whether startup messages can be suppressed
Result: NOTE OMP: Warning #96: Cannot form a team with 24 threads, using 2 instead. OMP: Hint Consider unsetting KMP_DEVICE_THREAD_LIMIT (KMP_ALL_THREADS), KMP_TEAMS_THREAD_LIMIT, and OMP_THREAD_LIMIT (if any are set). It looks like this package (or a package it requires) has a startup message which cannot be suppressed: see ?packageStartupMessage. Flavor: r-devel-linux-x86_64-fedora-clang