Last updated on 2025-04-29 12:52:46 CEST.
Flavor | Version | Tinstall | Tcheck | Ttotal | Status | Flags |
---|---|---|---|---|---|---|
r-devel-linux-x86_64-debian-clang | 0.2 | 1.65 | 18.37 | 20.02 | NOTE | |
r-devel-linux-x86_64-debian-gcc | 0.2 | 1.27 | 14.53 | 15.80 | NOTE | |
r-devel-linux-x86_64-fedora-clang | 0.2 | 30.95 | OK | |||
r-devel-linux-x86_64-fedora-gcc | 0.2 | 29.56 | OK | |||
r-devel-windows-x86_64 | 0.2 | 2.00 | 40.00 | 42.00 | OK | |
r-patched-linux-x86_64 | 0.2 | 1.72 | 17.40 | 19.12 | OK | |
r-release-linux-x86_64 | 0.2 | 1.51 | 17.40 | 18.91 | OK | |
r-release-macos-arm64 | 0.2 | 17.00 | OK | |||
r-release-macos-x86_64 | 0.2 | 23.00 | OK | |||
r-release-windows-x86_64 | 0.2 | 2.00 | 42.00 | 44.00 | OK | |
r-oldrel-macos-arm64 | 0.2 | 16.00 | OK | |||
r-oldrel-macos-x86_64 | 0.2 | 20.00 | OK | |||
r-oldrel-windows-x86_64 | 0.2 | 2.00 | 39.00 | 41.00 | OK |
Version: 0.2
Check: CRAN incoming feasibility
Result: NOTE
Maintainer: ‘Tom Pike <tpike@lincoln.ac.uk>’
No Authors@R field in DESCRIPTION.
Please add one, modifying
Authors@R: person(given = "Tom",
family = "Pike",
role = c("aut", "cre"),
email = "tpike@lincoln.ac.uk")
as necessary.
Flavors: r-devel-linux-x86_64-debian-clang, r-devel-linux-x86_64-debian-gcc